{"id":399,"date":"2025-02-02T19:34:26","date_gmt":"2025-02-02T18:34:26","guid":{"rendered":"https:\/\/vitalityzen.fr\/?page_id=399"},"modified":"2025-06-10T13:56:27","modified_gmt":"2025-06-10T11:56:27","slug":"ventosas-y-moxabustion","status":"publish","type":"page","link":"https:\/\/vitalityzen.fr\/index.php\/ventosas-y-moxabustion\/","title":{"rendered":"Ventosas y Moxibustion"},"content":{"rendered":"\t\t<div data-elementor-type=\"wp-page\" data-elementor-id=\"399\" class=\"elementor elementor-399\">\n\t\t\t\t<div class=\"elementor-element elementor-element-0f618a6 e-flex e-con-boxed e-con e-parent\" data-id=\"0f618a6\" data-element_type=\"container\" data-e-type=\"container\">\n\t\t\t\t\t<div class=\"e-con-inner\">\n\t\t\t\t\t<\/div>\n\t\t\t\t<\/div>\n\t\t<div class=\"elementor-element elementor-element-1479153 e-con-full e-flex e-con e-parent\" data-id=\"1479153\" data-element_type=\"container\" data-e-type=\"container\">\n\t\t\t\t<div class=\"elementor-element elementor-element-52a4d84 elementor-widget elementor-widget-text-editor\" data-id=\"52a4d84\" data-element_type=\"widget\" data-e-type=\"widget\" data-widget_type=\"text-editor.default\">\n\t\t\t\t<div class=\"elementor-widget-container\">\n\t\t\t\t\t\t\t\t\t<p>El tratamiento con <strong><em>ventosas<\/em><\/strong> (tambi\u00e9n llamado cupping o hijama) es una de las terapias m\u00e1s antiguas conocidas. Su uso m\u00e9dico se remonta a m\u00e1s de 3.000 a\u00f1os y hay referencias de su utilizaci\u00f3n por los m\u00e9dicos del Antiguo Egipto, Grecia y China.<\/p><p>Actualmente, numerosos estudios cl\u00ednicos avalan su efectividad en diversas \u00e1reas del tratamiento m\u00e9dico, tanto de forma local para tratar el dolor, como gracias a su acci\u00f3n reflejoterap\u00e9utica sobre el interior del organismo.<\/p><p>Esta terapia es una t\u00e9cnica en la cual se aplican ventosas (campanas de cristal) sobre la piel despu\u00e9s de haberse efectuado el vac\u00edo, creando un efecto de succi\u00f3n en la piel y parte del m\u00fasculo.<\/p><p>Con esta t\u00e9cnica\u00a0se activa y estimula la circulaci\u00f3n tanto sangu\u00ednea como linf\u00e1tica,\u00a0aumentando el flujo de ox\u00edgeno,\u00a0flexibilizando tejidos,\u00a0aumentando la respuesta fisiol\u00f3gica antiinflamatoria,\u00a0eliminando toxinas\u00a0y\u00a0ayudando en la reparaci\u00f3n del tejido.<\/p><p>La aplicaci\u00f3n de una ventosa produce un\u00a0alivio muy r\u00e1pido del dolor\u00a0debido a una inflamaci\u00f3n o contractura muscular.<\/p><p>Act\u00faa como un\u00a0potente analg\u00e9sico\u00a0que nos\u00a0permite disminuir e incluso prescindir de f\u00e1rmacos analg\u00e9sicos y antiinflamatorios, evitando as\u00ed sus efectos secundarios.<\/p><p>Tambi\u00e9n es \u00fatil como terapia complementaria en personas con\u00a0trastornos emocionales, ansiedad y somatizaciones.<\/p>\t\t\t\t\t\t\t\t<\/div>\n\t\t\t\t<\/div>\n\t\t\t\t<\/div>\n\t\t<div class=\"elementor-element elementor-element-62792d7 e-flex e-con-boxed e-con e-parent\" data-id=\"62792d7\" data-element_type=\"container\" data-e-type=\"container\">\n\t\t\t\t\t<div class=\"e-con-inner\">\n\t\t\t\t<div class=\"elementor-element elementor-element-0cbd1a6 elementor-widget elementor-widget-image\" data-id=\"0cbd1a6\" data-element_type=\"widget\" data-e-type=\"widget\" data-widget_type=\"image.default\">\n\t\t\t\t<div class=\"elementor-widget-container\">\n\t\t\t\t\t\t\t\t\t\t\t\t\t\t\t<img fetchpriority=\"high\" decoding=\"async\" width=\"800\" height=\"347\" src=\"https:\/\/vitalityzen.fr\/wp-content\/uploads\/2025\/02\/Plan-de-travail-1-1-1024x444.webp\" class=\"attachment-large size-large wp-image-402\" alt=\"\" srcset=\"https:\/\/vitalityzen.fr\/wp-content\/uploads\/2025\/02\/Plan-de-travail-1-1-1024x444.webp 1024w, https:\/\/vitalityzen.fr\/wp-content\/uploads\/2025\/02\/Plan-de-travail-1-1-300x130.webp 300w, https:\/\/vitalityzen.fr\/wp-content\/uploads\/2025\/02\/Plan-de-travail-1-1-768x333.webp 768w, https:\/\/vitalityzen.fr\/wp-content\/uploads\/2025\/02\/Plan-de-travail-1-1.webp 1056w\" sizes=\"(max-width: 800px) 100vw, 800px\" \/>\t\t\t\t\t\t\t\t\t\t\t\t\t\t\t<\/div>\n\t\t\t\t<\/div>\n\t\t\t\t\t<\/div>\n\t\t\t\t<\/div>\n\t\t<div class=\"elementor-element elementor-element-c7ac664 e-con-full e-flex e-con e-parent\" data-id=\"c7ac664\" data-element_type=\"container\" data-e-type=\"container\">\n\t\t\t\t<div class=\"elementor-element elementor-element-14d8eb5 elementor-widget elementor-widget-heading\" data-id=\"14d8eb5\" data-element_type=\"widget\" data-e-type=\"widget\" data-widget_type=\"heading.default\">\n\t\t\t\t<div class=\"elementor-widget-container\">\n\t\t\t\t\t<h2 class=\"elementor-heading-title elementor-size-default\">Beneficios : <\/h2>\t\t\t\t<\/div>\n\t\t\t\t<\/div>\n\t\t\t\t<\/div>\n\t\t<div class=\"elementor-element elementor-element-970c719 e-con-full e-flex e-con e-parent\" data-id=\"970c719\" data-element_type=\"container\" data-e-type=\"container\">\n\t\t\t\t<div class=\"elementor-element elementor-element-7c552ae elementor-widget elementor-widget-text-editor\" data-id=\"7c552ae\" data-element_type=\"widget\" data-e-type=\"widget\" data-widget_type=\"text-editor.default\">\n\t\t\t\t<div class=\"elementor-widget-container\">\n\t\t\t\t\t\t\t\t\t<ul><li>Activar y estimular la circulaci\u00f3n sangu\u00ednea y linf\u00e1tica.<\/li><li>Aumentar el flujo de ox\u00edgeno al foco de inflamaci\u00f3n.<\/li><li>Aumentar la respuesta fisiol\u00f3gica antiinflamatoria.<\/li><li>Favorecer la eliminaci\u00f3n de toxinas y promueve la reparaci\u00f3n de la zona inflamada y\/o contracturada.<\/li><\/ul><p>La inflamaci\u00f3n y\/o contractura del sistema m\u00fasculo-esquel\u00e9tico es muy frecuente y origina muchos tipos de dolor.<\/p>\t\t\t\t\t\t\t\t<\/div>\n\t\t\t\t<\/div>\n\t\t\t\t<\/div>\n\t\t<div class=\"elementor-element elementor-element-d6dbd0d e-con-full e-flex e-con e-parent\" data-id=\"d6dbd0d\" data-element_type=\"container\" data-e-type=\"container\">\n\t\t\t\t<div class=\"elementor-element elementor-element-c2cf42d elementor-widget elementor-widget-heading\" data-id=\"c2cf42d\" data-element_type=\"widget\" data-e-type=\"widget\" data-widget_type=\"heading.default\">\n\t\t\t\t<div class=\"elementor-widget-container\">\n\t\t\t\t\t<h4 class=\"elementor-heading-title elementor-size-default\">Se recomienda para :<\/h4>\t\t\t\t<\/div>\n\t\t\t\t<\/div>\n\t\t\t\t<\/div>\n\t\t<div class=\"elementor-element elementor-element-ba11d17 e-con-full e-flex e-con e-parent\" data-id=\"ba11d17\" data-element_type=\"container\" data-e-type=\"container\">\n\t\t\t\t<div class=\"elementor-element elementor-element-6d15680 elementor-widget elementor-widget-text-editor\" data-id=\"6d15680\" data-element_type=\"widget\" data-e-type=\"widget\" data-widget_type=\"text-editor.default\">\n\t\t\t\t<div class=\"elementor-widget-container\">\n\t\t\t\t\t\t\t\t\t<ul><li>Personas con un elevado nivel de estr\u00e9s que se manifiesta en forma de contracturas musculares.<\/li><li>Pacientes con fibromialgia.<\/li><li>Dolores articulares, sobre todo rodilla y hombro.<\/li><li>Ansiedad.<\/li><li>Trastornos funcionales del aparato digestivo (dispepsia biliar).<\/li><li>Personas con trastornos renales o hep\u00e1ticos en quienes est\u00e1n contraindicados muchos medicamentos (antiinflamatorios, analg\u00e9sicos, etc.).<\/li><\/ul>\t\t\t\t\t\t\t\t<\/div>\n\t\t\t\t<\/div>\n\t\t\t\t<\/div>\n\t\t<div class=\"elementor-element elementor-element-45860c5 e-flex e-con-boxed e-con e-parent\" data-id=\"45860c5\" data-element_type=\"container\" data-e-type=\"container\">\n\t\t\t\t\t<div class=\"e-con-inner\">\n\t\t\t\t<div class=\"elementor-element elementor-element-d5dc4da elementor-widget-divider--view-line_icon elementor-view-default elementor-widget-divider--element-align-center elementor-widget elementor-widget-divider\" data-id=\"d5dc4da\" data-element_type=\"widget\" data-e-type=\"widget\" data-widget_type=\"divider.default\">\n\t\t\t\t<div class=\"elementor-widget-container\">\n\t\t\t\t\t\t\t<div class=\"elementor-divider\">\n\t\t\t<span class=\"elementor-divider-separator\">\n\t\t\t\t\t\t\t<div class=\"elementor-icon elementor-divider__element\">\n\t\t\t\t\t<svg aria-hidden=\"true\" class=\"e-font-icon-svg e-fas-star\" viewBox=\"0 0 576 512\" xmlns=\"http:\/\/www.w3.org\/2000\/svg\"><path d=\"M259.3 17.8L194 150.2 47.9 171.5c-26.2 3.8-36.7 36.1-17.7 54.6l105.7 103-25 145.5c-4.5 26.3 23.2 46 46.4 33.7L288 439.6l130.7 68.7c23.2 12.2 50.9-7.4 46.4-33.7l-25-145.5 105.7-103c19-18.5 8.5-50.8-17.7-54.6L382 150.2 316.7 17.8c-11.7-23.6-45.6-23.9-57.4 0z\"><\/path><\/svg><\/div>\n\t\t\t\t\t\t<\/span>\n\t\t<\/div>\n\t\t\t\t\t\t<\/div>\n\t\t\t\t<\/div>\n\t\t\t\t\t<\/div>\n\t\t\t\t<\/div>\n\t\t<div class=\"elementor-element elementor-element-4598a5a e-flex e-con-boxed e-con e-parent\" data-id=\"4598a5a\" data-element_type=\"container\" data-e-type=\"container\">\n\t\t\t\t\t<div class=\"e-con-inner\">\n\t\t\t\t<div class=\"elementor-element elementor-element-d9d8a7a elementor-widget elementor-widget-heading\" data-id=\"d9d8a7a\" data-element_type=\"widget\" data-e-type=\"widget\" data-widget_type=\"heading.default\">\n\t\t\t\t<div class=\"elementor-widget-container\">\n\t\t\t\t\t<h1 class=\"elementor-heading-title elementor-size-default\">MOXABUSTION <\/h1>\t\t\t\t<\/div>\n\t\t\t\t<\/div>\n\t\t\t\t\t<\/div>\n\t\t\t\t<\/div>\n\t\t<div class=\"elementor-element elementor-element-68a7072 e-con-full e-flex e-con e-parent\" data-id=\"68a7072\" data-element_type=\"container\" data-e-type=\"container\">\n\t\t<div class=\"elementor-element elementor-element-1a2bb1d e-con-full e-flex e-con e-child\" data-id=\"1a2bb1d\" data-element_type=\"container\" data-e-type=\"container\">\n\t\t\t\t<div class=\"elementor-element elementor-element-a74b39d elementor-widget elementor-widget-text-editor\" data-id=\"a74b39d\" data-element_type=\"widget\" data-e-type=\"widget\" data-widget_type=\"text-editor.default\">\n\t\t\t\t<div class=\"elementor-widget-container\">\n\t\t\t\t\t\t\t\t\t<p><strong>En qu\u00e9 consiste esta terapia?<\/strong><\/p><p>Consiste en la aplicaci\u00f3n de calor de forma directa o indirecta sobre determinados puntos del cuerpo, que suelen coincidir con los puntos de la acupuntura, los meridianos.<\/p><p>El calor es aplicado por la\u00a0<strong>moxa o encendido de un cono de artemisa<\/strong>, utiliz\u00e1ndose adem\u00e1s las propiedades terap\u00e9uticas de la ra\u00edz de esta planta.<\/p><p>Sus beneficios terap\u00e9uticos son miles, por lo que es muy utilizada de manera individual o asociada a otras t\u00e9cnicas de Medicina Tradicional China, como la acupuntura, para potenciar su efecto.<\/p><p>Entre sus beneficios encontramos los siguientes: induce a la relajaci\u00f3n y a la\u00a0<strong>disminuci\u00f3n de la rigidez muscular<\/strong>; ayuda a eliminar el fr\u00edo y la humedad internos; y causa un aumento local de flujo sangu\u00edneo y de la energ\u00eda<\/p>\t\t\t\t\t\t\t\t<\/div>\n\t\t\t\t<\/div>\n\t\t\t\t<\/div>\n\t\t<div class=\"elementor-element elementor-element-cfc1477 e-con-full e-flex e-con e-child\" data-id=\"cfc1477\" data-element_type=\"container\" data-e-type=\"container\">\n\t\t\t\t<div class=\"elementor-element elementor-element-a7f8a5e elementor-widget elementor-widget-image\" data-id=\"a7f8a5e\" data-element_type=\"widget\" data-e-type=\"widget\" data-widget_type=\"image.default\">\n\t\t\t\t<div class=\"elementor-widget-container\">\n\t\t\t\t\t\t\t\t\t\t\t\t\t\t\t<img decoding=\"async\" width=\"256\" height=\"153\" src=\"https:\/\/vitalityzen.fr\/wp-content\/uploads\/2025\/02\/moxa.webp\" class=\"attachment-large size-large wp-image-404\" alt=\"\" \/>\t\t\t\t\t\t\t\t\t\t\t\t\t\t\t<\/div>\n\t\t\t\t<\/div>\n\t\t\t\t<div class=\"elementor-element elementor-element-3898917 elementor-widget elementor-widget-image\" data-id=\"3898917\" data-element_type=\"widget\" data-e-type=\"widget\" data-widget_type=\"image.default\">\n\t\t\t\t<div class=\"elementor-widget-container\">\n\t\t\t\t\t\t\t\t\t\t\t\t\t\t\t<img decoding=\"async\" width=\"256\" height=\"155\" src=\"https:\/\/vitalityzen.fr\/wp-content\/uploads\/2025\/02\/Moxa-2.webp\" class=\"attachment-large size-large wp-image-405\" alt=\"\" \/>\t\t\t\t\t\t\t\t\t\t\t\t\t\t\t<\/div>\n\t\t\t\t<\/div>\n\t\t\t\t<\/div>\n\t\t\t\t<\/div>\n\t\t<div class=\"elementor-element elementor-element-12a5dcf e-con-full e-flex e-con e-parent\" data-id=\"12a5dcf\" data-element_type=\"container\" data-e-type=\"container\">\n\t\t\t\t<div class=\"elementor-element elementor-element-dd08c75 elementor-widget elementor-widget-heading\" data-id=\"dd08c75\" data-element_type=\"widget\" data-e-type=\"widget\" data-widget_type=\"heading.default\">\n\t\t\t\t<div class=\"elementor-widget-container\">\n\t\t\t\t\t<h2 class=\"elementor-heading-title elementor-size-default\">La moxibustion permite abordar problemas como:<\/h2>\t\t\t\t<\/div>\n\t\t\t\t<\/div>\n\t\t\t\t<\/div>\n\t\t<div class=\"elementor-element elementor-element-8917566 e-con-full e-flex e-con e-parent\" data-id=\"8917566\" data-element_type=\"container\" data-e-type=\"container\">\n\t\t\t\t<div class=\"elementor-element elementor-element-8e7f9a6 elementor-widget elementor-widget-text-editor\" data-id=\"8e7f9a6\" data-element_type=\"widget\" data-e-type=\"widget\" data-widget_type=\"text-editor.default\">\n\t\t\t\t<div class=\"elementor-widget-container\">\n\t\t\t\t\t\t\t\t\t<ul><li>Estr\u00e9s y Ansiedad.<\/li><li>Depresi\u00f3n.<\/li><li>Deshabituaci\u00f3n del Tabaco<\/li><li>Cefaleas, migra\u00f1as.<\/li><li>Problemas respiratorios cr\u00f3nicos: asma, sinusitis, procesos catarrales.<\/li><li>Problemas digestivos cr\u00f3nicos: estre\u00f1imiento o diarrea.<\/li><li>Problemas de la piel.<\/li><li>Hiperhidrosis (Hipersudoraci\u00f3n).<\/li><li>Lesiones cr\u00f3nicas t\u00e9ndino-musculares y articulares.<\/li><li>Problemas ginecol\u00f3gicos: alteraciones menstruales, dismenorrea, sofocos de la menopausia.<\/li><\/ul>\t\t\t\t\t\t\t\t<\/div>\n\t\t\t\t<\/div>\n\t\t\t\t<\/div>\n\t\t<div class=\"elementor-element elementor-element-c3cda30 e-flex e-con-boxed e-con e-parent\" data-id=\"c3cda30\" data-element_type=\"container\" data-e-type=\"container\">\n\t\t\t\t\t<div class=\"e-con-inner\">\n\t\t\t\t<div class=\"elementor-element elementor-element-0e56336 elementor-widget-divider--view-line elementor-widget elementor-widget-divider\" data-id=\"0e56336\" data-element_type=\"widget\" data-e-type=\"widget\" data-widget_type=\"divider.default\">\n\t\t\t\t<div class=\"elementor-widget-container\">\n\t\t\t\t\t\t\t<div class=\"elementor-divider\">\n\t\t\t<span class=\"elementor-divider-separator\">\n\t\t\t\t\t\t<\/span>\n\t\t<\/div>\n\t\t\t\t\t\t<\/div>\n\t\t\t\t<\/div>\n\t\t\t\t\t<\/div>\n\t\t\t\t<\/div>\n\t\t<div class=\"elementor-element elementor-element-7ff6056 e-flex e-con-boxed e-con e-parent\" data-id=\"7ff6056\" data-element_type=\"container\" data-e-type=\"container\">\n\t\t\t\t\t<div class=\"e-con-inner\">\n\t\t\t\t<div class=\"elementor-element elementor-element-60b0b82 elementor-align-center elementor-widget elementor-widget-button\" data-id=\"60b0b82\" data-element_type=\"widget\" data-e-type=\"widget\" data-widget_type=\"button.default\">\n\t\t\t\t<div class=\"elementor-widget-container\">\n\t\t\t\t\t\t\t\t\t<div class=\"elementor-button-wrapper\">\n\t\t\t\t\t<a class=\"elementor-button elementor-button-link elementor-size-sm\" href=\"https:\/\/vitalityzen.fr\/index.php\/pedir-cita\/\" target=\"_blank\">\n\t\t\t\t\t\t<span class=\"elementor-button-content-wrapper\">\n\t\t\t\t\t\t\t\t\t<span class=\"elementor-button-text\">Pedir Cita<\/span>\n\t\t\t\t\t<\/span>\n\t\t\t\t\t<\/a>\n\t\t\t\t<\/div>\n\t\t\t\t\t\t\t\t<\/div>\n\t\t\t\t<\/div>\n\t\t\t\t\t<\/div>\n\t\t\t\t<\/div>\n\t\t<div class=\"elementor-element elementor-element-c4685fb e-con-full e-flex e-con e-parent\" data-id=\"c4685fb\" data-element_type=\"container\" data-e-type=\"container\">\n\t\t\t\t<div class=\"elementor-element elementor-element-483757d elementor-widget-divider--view-line elementor-widget elementor-widget-divider\" data-id=\"483757d\" data-element_type=\"widget\" data-e-type=\"widget\" data-widget_type=\"divider.default\">\n\t\t\t\t<div class=\"elementor-widget-container\">\n\t\t\t\t\t\t\t<div class=\"elementor-divider\">\n\t\t\t<span class=\"elementor-divider-separator\">\n\t\t\t\t\t\t<\/span>\n\t\t<\/div>\n\t\t\t\t\t\t<\/div>\n\t\t\t\t<\/div>\n\t\t\t\t<\/div>\n\t\t\t\t<\/div>\n\t\t","protected":false},"excerpt":{"rendered":"<p>El tratamiento con ventosas (tambi\u00e9n llamado cupping o hijama) es una de las terapias m\u00e1s antiguas conocidas. Su uso m\u00e9dico se remonta a m\u00e1s de 3.000 a\u00f1os y hay referencias de su utilizaci\u00f3n por los m\u00e9dicos del Antiguo Egipto, Grecia y China. Actualmente, numerosos estudios cl\u00ednicos avalan su efectividad en diversas \u00e1reas del tratamiento m\u00e9dico, [&hellip;]<\/p>\n","protected":false},"author":1,"featured_media":0,"parent":0,"menu_order":0,"comment_status":"closed","ping_status":"closed","template":"","meta":{"footnotes":""},"class_list":["post-399","page","type-page","status-publish","hentry"],"yoast_head":"<!-- This site is optimized with the Yoast SEO plugin v24.4 - https:\/\/yoast.com\/wordpress\/plugins\/seo\/ -->\n<title>Ventosas y Moxibustion - Vitality Zen<\/title>\n<meta name=\"robots\" content=\"index, follow, max-snippet:-1, max-image-preview:large, max-video-preview:-1\" \/>\n<link rel=\"canonical\" href=\"https:\/\/vitalityzen.fr\/index.php\/ventosas-y-moxabustion\/\" \/>\n<meta property=\"og:locale\" content=\"fr_FR\" \/>\n<meta property=\"og:type\" content=\"article\" \/>\n<meta property=\"og:title\" content=\"Ventosas y Moxibustion - Vitality Zen\" \/>\n<meta property=\"og:description\" content=\"El tratamiento con ventosas (tambi\u00e9n llamado cupping o hijama) es una de las terapias m\u00e1s antiguas conocidas. Su uso m\u00e9dico se remonta a m\u00e1s de 3.000 a\u00f1os y hay referencias de su utilizaci\u00f3n por los m\u00e9dicos del Antiguo Egipto, Grecia y China. Actualmente, numerosos estudios cl\u00ednicos avalan su efectividad en diversas \u00e1reas del tratamiento m\u00e9dico, [&hellip;]\" \/>\n<meta property=\"og:url\" content=\"https:\/\/vitalityzen.fr\/index.php\/ventosas-y-moxabustion\/\" \/>\n<meta property=\"og:site_name\" content=\"Vitality Zen\" \/>\n<meta property=\"article:modified_time\" content=\"2025-06-10T11:56:27+00:00\" \/>\n<meta property=\"og:image\" content=\"https:\/\/vitalityzen.fr\/wp-content\/uploads\/2025\/02\/Plan-de-travail-1-1.webp\" \/>\n\t<meta property=\"og:image:width\" content=\"1056\" \/>\n\t<meta property=\"og:image:height\" content=\"458\" \/>\n\t<meta property=\"og:image:type\" content=\"image\/webp\" \/>\n<meta name=\"twitter:card\" content=\"summary_large_image\" \/>\n<meta name=\"twitter:label1\" content=\"Dur\u00e9e de lecture estim\u00e9e\" \/>\n\t<meta name=\"twitter:data1\" content=\"4 minutes\" \/>\n<script type=\"application\/ld+json\" class=\"yoast-schema-graph\">{\"@context\":\"https:\/\/schema.org\",\"@graph\":[{\"@type\":\"WebPage\",\"@id\":\"https:\/\/vitalityzen.fr\/index.php\/ventosas-y-moxabustion\/\",\"url\":\"https:\/\/vitalityzen.fr\/index.php\/ventosas-y-moxabustion\/\",\"name\":\"Ventosas y Moxibustion - Vitality Zen\",\"isPartOf\":{\"@id\":\"https:\/\/vitalityzen.fr\/#website\"},\"primaryImageOfPage\":{\"@id\":\"https:\/\/vitalityzen.fr\/index.php\/ventosas-y-moxabustion\/#primaryimage\"},\"image\":{\"@id\":\"https:\/\/vitalityzen.fr\/index.php\/ventosas-y-moxabustion\/#primaryimage\"},\"thumbnailUrl\":\"https:\/\/vitalityzen.fr\/wp-content\/uploads\/2025\/02\/Plan-de-travail-1-1-1024x444.webp\",\"datePublished\":\"2025-02-02T18:34:26+00:00\",\"dateModified\":\"2025-06-10T11:56:27+00:00\",\"breadcrumb\":{\"@id\":\"https:\/\/vitalityzen.fr\/index.php\/ventosas-y-moxabustion\/#breadcrumb\"},\"inLanguage\":\"fr-FR\",\"potentialAction\":[{\"@type\":\"ReadAction\",\"target\":[\"https:\/\/vitalityzen.fr\/index.php\/ventosas-y-moxabustion\/\"]}]},{\"@type\":\"ImageObject\",\"inLanguage\":\"fr-FR\",\"@id\":\"https:\/\/vitalityzen.fr\/index.php\/ventosas-y-moxabustion\/#primaryimage\",\"url\":\"https:\/\/vitalityzen.fr\/wp-content\/uploads\/2025\/02\/Plan-de-travail-1-1.webp\",\"contentUrl\":\"https:\/\/vitalityzen.fr\/wp-content\/uploads\/2025\/02\/Plan-de-travail-1-1.webp\",\"width\":1056,\"height\":458},{\"@type\":\"BreadcrumbList\",\"@id\":\"https:\/\/vitalityzen.fr\/index.php\/ventosas-y-moxabustion\/#breadcrumb\",\"itemListElement\":[{\"@type\":\"ListItem\",\"position\":1,\"name\":\"Accueil\",\"item\":\"https:\/\/vitalityzen.fr\/\"},{\"@type\":\"ListItem\",\"position\":2,\"name\":\"Ventosas y Moxibustion\"}]},{\"@type\":\"WebSite\",\"@id\":\"https:\/\/vitalityzen.fr\/#website\",\"url\":\"https:\/\/vitalityzen.fr\/\",\"name\":\"Vitality Zen\",\"description\":\"1, Rue Marietton 69009 Lyon - France\",\"publisher\":{\"@id\":\"https:\/\/vitalityzen.fr\/#organization\"},\"potentialAction\":[{\"@type\":\"SearchAction\",\"target\":{\"@type\":\"EntryPoint\",\"urlTemplate\":\"https:\/\/vitalityzen.fr\/?s={search_term_string}\"},\"query-input\":{\"@type\":\"PropertyValueSpecification\",\"valueRequired\":true,\"valueName\":\"search_term_string\"}}],\"inLanguage\":\"fr-FR\"},{\"@type\":\"Organization\",\"@id\":\"https:\/\/vitalityzen.fr\/#organization\",\"name\":\"Vitality Zen\",\"url\":\"https:\/\/vitalityzen.fr\/\",\"logo\":{\"@type\":\"ImageObject\",\"inLanguage\":\"fr-FR\",\"@id\":\"https:\/\/vitalityzen.fr\/#\/schema\/logo\/image\/\",\"url\":\"https:\/\/vitalityzen.fr\/wp-content\/uploads\/2025\/01\/cropped-Plan-de-travail-3-scaled-1.webp\",\"contentUrl\":\"https:\/\/vitalityzen.fr\/wp-content\/uploads\/2025\/01\/cropped-Plan-de-travail-3-scaled-1.webp\",\"width\":2270,\"height\":2533,\"caption\":\"Vitality Zen\"},\"image\":{\"@id\":\"https:\/\/vitalityzen.fr\/#\/schema\/logo\/image\/\"}}]}<\/script>\n<!-- \/ Yoast SEO plugin. -->","yoast_head_json":{"title":"Ventosas y Moxibustion - Vitality Zen","robots":{"index":"index","follow":"follow","max-snippet":"max-snippet:-1","max-image-preview":"max-image-preview:large","max-video-preview":"max-video-preview:-1"},"canonical":"https:\/\/vitalityzen.fr\/index.php\/ventosas-y-moxabustion\/","og_locale":"fr_FR","og_type":"article","og_title":"Ventosas y Moxibustion - Vitality Zen","og_description":"El tratamiento con ventosas (tambi\u00e9n llamado cupping o hijama) es una de las terapias m\u00e1s antiguas conocidas. Su uso m\u00e9dico se remonta a m\u00e1s de 3.000 a\u00f1os y hay referencias de su utilizaci\u00f3n por los m\u00e9dicos del Antiguo Egipto, Grecia y China. Actualmente, numerosos estudios cl\u00ednicos avalan su efectividad en diversas \u00e1reas del tratamiento m\u00e9dico, [&hellip;]","og_url":"https:\/\/vitalityzen.fr\/index.php\/ventosas-y-moxabustion\/","og_site_name":"Vitality Zen","article_modified_time":"2025-06-10T11:56:27+00:00","og_image":[{"width":1056,"height":458,"url":"https:\/\/vitalityzen.fr\/wp-content\/uploads\/2025\/02\/Plan-de-travail-1-1.webp","type":"image\/webp"}],"twitter_card":"summary_large_image","twitter_misc":{"Dur\u00e9e de lecture estim\u00e9e":"4 minutes"},"schema":{"@context":"https:\/\/schema.org","@graph":[{"@type":"WebPage","@id":"https:\/\/vitalityzen.fr\/index.php\/ventosas-y-moxabustion\/","url":"https:\/\/vitalityzen.fr\/index.php\/ventosas-y-moxabustion\/","name":"Ventosas y Moxibustion - Vitality Zen","isPartOf":{"@id":"https:\/\/vitalityzen.fr\/#website"},"primaryImageOfPage":{"@id":"https:\/\/vitalityzen.fr\/index.php\/ventosas-y-moxabustion\/#primaryimage"},"image":{"@id":"https:\/\/vitalityzen.fr\/index.php\/ventosas-y-moxabustion\/#primaryimage"},"thumbnailUrl":"https:\/\/vitalityzen.fr\/wp-content\/uploads\/2025\/02\/Plan-de-travail-1-1-1024x444.webp","datePublished":"2025-02-02T18:34:26+00:00","dateModified":"2025-06-10T11:56:27+00:00","breadcrumb":{"@id":"https:\/\/vitalityzen.fr\/index.php\/ventosas-y-moxabustion\/#breadcrumb"},"inLanguage":"fr-FR","potentialAction":[{"@type":"ReadAction","target":["https:\/\/vitalityzen.fr\/index.php\/ventosas-y-moxabustion\/"]}]},{"@type":"ImageObject","inLanguage":"fr-FR","@id":"https:\/\/vitalityzen.fr\/index.php\/ventosas-y-moxabustion\/#primaryimage","url":"https:\/\/vitalityzen.fr\/wp-content\/uploads\/2025\/02\/Plan-de-travail-1-1.webp","contentUrl":"https:\/\/vitalityzen.fr\/wp-content\/uploads\/2025\/02\/Plan-de-travail-1-1.webp","width":1056,"height":458},{"@type":"BreadcrumbList","@id":"https:\/\/vitalityzen.fr\/index.php\/ventosas-y-moxabustion\/#breadcrumb","itemListElement":[{"@type":"ListItem","position":1,"name":"Accueil","item":"https:\/\/vitalityzen.fr\/"},{"@type":"ListItem","position":2,"name":"Ventosas y Moxibustion"}]},{"@type":"WebSite","@id":"https:\/\/vitalityzen.fr\/#website","url":"https:\/\/vitalityzen.fr\/","name":"Vitality Zen","description":"1, Rue Marietton 69009 Lyon - France","publisher":{"@id":"https:\/\/vitalityzen.fr\/#organization"},"potentialAction":[{"@type":"SearchAction","target":{"@type":"EntryPoint","urlTemplate":"https:\/\/vitalityzen.fr\/?s={search_term_string}"},"query-input":{"@type":"PropertyValueSpecification","valueRequired":true,"valueName":"search_term_string"}}],"inLanguage":"fr-FR"},{"@type":"Organization","@id":"https:\/\/vitalityzen.fr\/#organization","name":"Vitality Zen","url":"https:\/\/vitalityzen.fr\/","logo":{"@type":"ImageObject","inLanguage":"fr-FR","@id":"https:\/\/vitalityzen.fr\/#\/schema\/logo\/image\/","url":"https:\/\/vitalityzen.fr\/wp-content\/uploads\/2025\/01\/cropped-Plan-de-travail-3-scaled-1.webp","contentUrl":"https:\/\/vitalityzen.fr\/wp-content\/uploads\/2025\/01\/cropped-Plan-de-travail-3-scaled-1.webp","width":2270,"height":2533,"caption":"Vitality Zen"},"image":{"@id":"https:\/\/vitalityzen.fr\/#\/schema\/logo\/image\/"}}]}},"_links":{"self":[{"href":"https:\/\/vitalityzen.fr\/index.php\/wp-json\/wp\/v2\/pages\/399","targetHints":{"allow":["GET"]}}],"collection":[{"href":"https:\/\/vitalityzen.fr\/index.php\/wp-json\/wp\/v2\/pages"}],"about":[{"href":"https:\/\/vitalityzen.fr\/index.php\/wp-json\/wp\/v2\/types\/page"}],"author":[{"embeddable":true,"href":"https:\/\/vitalityzen.fr\/index.php\/wp-json\/wp\/v2\/users\/1"}],"replies":[{"embeddable":true,"href":"https:\/\/vitalityzen.fr\/index.php\/wp-json\/wp\/v2\/comments?post=399"}],"version-history":[{"count":15,"href":"https:\/\/vitalityzen.fr\/index.php\/wp-json\/wp\/v2\/pages\/399\/revisions"}],"predecessor-version":[{"id":1498,"href":"https:\/\/vitalityzen.fr\/index.php\/wp-json\/wp\/v2\/pages\/399\/revisions\/1498"}],"wp:attachment":[{"href":"https:\/\/vitalityzen.fr\/index.php\/wp-json\/wp\/v2\/media?parent=399"}],"curies":[{"name":"wp","href":"https:\/\/api.w.org\/{rel}","templated":true}]}}