{"id":499,"date":"2025-02-10T17:09:45","date_gmt":"2025-02-10T16:09:45","guid":{"rendered":"https:\/\/vitalityzen.fr\/?page_id=499"},"modified":"2025-02-21T23:48:25","modified_gmt":"2025-02-21T22:48:25","slug":"reiki-2","status":"publish","type":"page","link":"https:\/\/vitalityzen.fr\/index.php\/pt\/reiki-2\/","title":{"rendered":"REIKI"},"content":{"rendered":"\t\t<div data-elementor-type=\"wp-page\" data-elementor-id=\"499\" class=\"elementor elementor-499\">\n\t\t\t\t<div class=\"elementor-element elementor-element-48dc446 e-flex e-con-boxed e-con e-parent\" data-id=\"48dc446\" data-element_type=\"container\" data-e-type=\"container\">\n\t\t\t\t\t<div class=\"e-con-inner\">\n\t\t\t\t<div class=\"elementor-element elementor-element-e958ffc elementor-widget elementor-widget-spacer\" data-id=\"e958ffc\" data-element_type=\"widget\" data-e-type=\"widget\" data-widget_type=\"spacer.default\">\n\t\t\t\t<div class=\"elementor-widget-container\">\n\t\t\t\t\t\t\t<div class=\"elementor-spacer\">\n\t\t\t<div class=\"elementor-spacer-inner\"><\/div>\n\t\t<\/div>\n\t\t\t\t\t\t<\/div>\n\t\t\t\t<\/div>\n\t\t\t\t\t<\/div>\n\t\t\t\t<\/div>\n\t\t<div class=\"elementor-element elementor-element-78a9c84 e-flex e-con-boxed e-con e-parent\" data-id=\"78a9c84\" data-element_type=\"container\" data-e-type=\"container\">\n\t\t\t\t\t<div class=\"e-con-inner\">\n\t\t\t\t<div class=\"elementor-element elementor-element-a063234 elementor-widget elementor-widget-heading\" data-id=\"a063234\" data-element_type=\"widget\" data-e-type=\"widget\" data-widget_type=\"heading.default\">\n\t\t\t\t<div class=\"elementor-widget-container\">\n\t\t\t\t\t<h2 class=\"elementor-heading-title elementor-size-default\">O que \u00e9 o Reiki ?<\/h2>\t\t\t\t<\/div>\n\t\t\t\t<\/div>\n\t\t\t\t\t<\/div>\n\t\t\t\t<\/div>\n\t\t<div class=\"elementor-element elementor-element-c3fdd75 e-flex e-con-boxed e-con e-parent\" data-id=\"c3fdd75\" data-element_type=\"container\" data-e-type=\"container\">\n\t\t\t\t\t<div class=\"e-con-inner\">\n\t\t<div class=\"elementor-element elementor-element-54667a6 e-con-full e-flex e-con e-child\" data-id=\"54667a6\" data-element_type=\"container\" data-e-type=\"container\">\n\t\t\t\t<div class=\"elementor-element elementor-element-552b4c2 elementor-widget elementor-widget-text-editor\" data-id=\"552b4c2\" data-element_type=\"widget\" data-e-type=\"widget\" data-widget_type=\"text-editor.default\">\n\t\t\t\t<div class=\"elementor-widget-container\">\n\t\t\t\t\t\t\t\t\t<p>O Reiki tem as suas ra\u00edzes na antiga tradi\u00e7\u00e3o japonesa e foi desenvolvido pelo monge Mikao Usui no in\u00edcio do s\u00e9culo XX.<\/p><p>A palavra \u201cReiki\u201d vem de duas palavras japonesas: \u201cRei\u201d, que significa \u201cesp\u00edrito universal\u201d, e \u201cKi\u201d, que significa \u201cenergia vital\u201d.<\/p><p>Esta t\u00e9cnica baseia-se na cren\u00e7a de que todos os seres vivos s\u00e3o compostos por uma energia que flui atrav\u00e9s deles e que o equil\u00edbrio dessa energia \u00e9 crucial para a manuten\u00e7\u00e3o de uma boa sa\u00fade.<\/p><p>O Reiki promove o bem-estar e permite que o corpo se cure a si pr\u00f3prio. A combina\u00e7\u00e3o do Reiki com a medicina tradicional pode ser muito eficaz<\/p>\t\t\t\t\t\t\t\t<\/div>\n\t\t\t\t<\/div>\n\t\t\t\t<\/div>\n\t\t<div class=\"elementor-element elementor-element-92fd9e0 e-con-full e-transform e-flex e-con e-child\" data-id=\"92fd9e0\" data-element_type=\"container\" data-e-type=\"container\" data-settings=\"{&quot;_transform_scale_effect&quot;:{&quot;unit&quot;:&quot;px&quot;,&quot;size&quot;:&quot;&quot;,&quot;sizes&quot;:[]},&quot;_transform_scale_effect_tablet&quot;:{&quot;unit&quot;:&quot;px&quot;,&quot;size&quot;:&quot;&quot;,&quot;sizes&quot;:[]},&quot;_transform_scale_effect_mobile&quot;:{&quot;unit&quot;:&quot;px&quot;,&quot;size&quot;:&quot;&quot;,&quot;sizes&quot;:[]}}\">\n\t\t\t\t<div class=\"elementor-element elementor-element-02618e3 elementor-widget elementor-widget-image\" data-id=\"02618e3\" data-element_type=\"widget\" data-e-type=\"widget\" data-widget_type=\"image.default\">\n\t\t\t\t<div class=\"elementor-widget-container\">\n\t\t\t\t\t\t\t\t\t\t\t\t\t\t\t<img fetchpriority=\"high\" decoding=\"async\" width=\"800\" height=\"534\" src=\"https:\/\/vitalityzen.fr\/wp-content\/uploads\/2025\/02\/2149403921-_1_.webp\" class=\"attachment-large size-large wp-image-326\" alt=\"\" srcset=\"https:\/\/vitalityzen.fr\/wp-content\/uploads\/2025\/02\/2149403921-_1_.webp 1000w, https:\/\/vitalityzen.fr\/wp-content\/uploads\/2025\/02\/2149403921-_1_-300x200.webp 300w, https:\/\/vitalityzen.fr\/wp-content\/uploads\/2025\/02\/2149403921-_1_-768x512.webp 768w\" sizes=\"(max-width: 800px) 100vw, 800px\" \/>\t\t\t\t\t\t\t\t\t\t\t\t\t\t\t<\/div>\n\t\t\t\t<\/div>\n\t\t\t\t<\/div>\n\t\t\t\t\t<\/div>\n\t\t\t\t<\/div>\n\t\t<div class=\"elementor-element elementor-element-86d6388 e-flex e-con-boxed e-con e-parent\" data-id=\"86d6388\" data-element_type=\"container\" data-e-type=\"container\">\n\t\t\t\t\t<div class=\"e-con-inner\">\n\t\t\t\t<div class=\"elementor-element elementor-element-86e6851 elementor-widget elementor-widget-text-editor\" data-id=\"86e6851\" data-element_type=\"widget\" data-e-type=\"widget\" data-widget_type=\"text-editor.default\">\n\t\t\t\t<div class=\"elementor-widget-container\">\n\t\t\t\t\t\t\t\t\t<p>O Reiki \u00e9 praticado atrav\u00e9s da imposi\u00e7\u00e3o das m\u00e3os em diferentes partes do corpo, com o objetivo de canalizar a energia universal e restaurar o equil\u00edbrio energ\u00e9tico do recetor.<\/p><p>Esta energia flui atrav\u00e9s dos chakras, que s\u00e3o centros de energia localizados em todo o corpo. Quando estes chakras est\u00e3o bloqueados ou desequilibrados, podem manifestar-se problemas de sa\u00fade f\u00edsica ou emocional.<\/p><p>A pr\u00e1tica do Reiki n\u00e3o se limita \u00e0 cura f\u00edsica, mas engloba tamb\u00e9m o bem-estar emocional e espiritual. Ao contr\u00e1rio da medicina convencional, que se centra no tratamento dos sintomas f\u00edsicos de uma doen\u00e7a, o Reiki centra-se na componente emocional e espiritual do paciente, considerando o indiv\u00edduo de forma hol\u00edstica.<\/p>\t\t\t\t\t\t\t\t<\/div>\n\t\t\t\t<\/div>\n\t\t\t\t\t<\/div>\n\t\t\t\t<\/div>\n\t\t<div class=\"elementor-element elementor-element-e84d561 e-flex e-con-boxed e-con e-parent\" data-id=\"e84d561\" data-element_type=\"container\" data-e-type=\"container\">\n\t\t\t\t\t<div class=\"e-con-inner\">\n\t\t\t\t<div class=\"elementor-element elementor-element-c0a3200 elementor-widget elementor-widget-heading\" data-id=\"c0a3200\" data-element_type=\"widget\" data-e-type=\"widget\" data-widget_type=\"heading.default\">\n\t\t\t\t<div class=\"elementor-widget-container\">\n\t\t\t\t\t<h2 class=\"elementor-heading-title elementor-size-default\">Beneficios<\/h2>\t\t\t\t<\/div>\n\t\t\t\t<\/div>\n\t\t\t\t\t<\/div>\n\t\t\t\t<\/div>\n\t\t<div class=\"elementor-element elementor-element-daea66a e-flex e-con-boxed e-con e-parent\" data-id=\"daea66a\" data-element_type=\"container\" data-e-type=\"container\">\n\t\t\t\t\t<div class=\"e-con-inner\">\n\t\t\t\t<div class=\"elementor-element elementor-element-1876cad elementor-widget elementor-widget-text-editor\" data-id=\"1876cad\" data-element_type=\"widget\" data-e-type=\"widget\" data-widget_type=\"text-editor.default\">\n\t\t\t\t<div class=\"elementor-widget-container\">\n\t\t\t\t\t\t\t\t\t<p style=\"text-align: center;\"><strong>Emocionais, F\u00edsicos e Mentais : os benef\u00edcios do Reiki s\u00e3o numerosos.<\/strong><\/p><p>De acordo com o Centro Nacional de Medicina Complementar e Alternativa, as pessoas usam o Reiki para relaxar, reduzir o stress e aliviar os sintomas, a fim de melhorar a sa\u00fade e o bem-estar geral.<\/p>\t\t\t\t\t\t\t\t<\/div>\n\t\t\t\t<\/div>\n\t\t\t\t\t<\/div>\n\t\t\t\t<\/div>\n\t\t<div class=\"elementor-element elementor-element-98d25fd e-flex e-con-boxed e-con e-parent\" data-id=\"98d25fd\" data-element_type=\"container\" data-e-type=\"container\">\n\t\t\t\t\t<div class=\"e-con-inner\">\n\t\t\t\t<div class=\"elementor-element elementor-element-a199edd elementor-widget elementor-widget-heading\" data-id=\"a199edd\" data-element_type=\"widget\" data-e-type=\"widget\" data-widget_type=\"heading.default\">\n\t\t\t\t<div class=\"elementor-widget-container\">\n\t\t\t\t\t<h2 class=\"elementor-heading-title elementor-size-default\">Um tratamento de Reiki pode alcan\u00e7ar os seguintes objectivos:<\/h2>\t\t\t\t<\/div>\n\t\t\t\t<\/div>\n\t\t\t\t\t<\/div>\n\t\t\t\t<\/div>\n\t\t<div class=\"elementor-element elementor-element-3e103bb e-flex e-con-boxed e-con e-parent\" data-id=\"3e103bb\" data-element_type=\"container\" data-e-type=\"container\">\n\t\t\t\t\t<div class=\"e-con-inner\">\n\t\t\t\t<div class=\"elementor-element elementor-element-9744bb8 elementor-widget elementor-widget-text-editor\" data-id=\"9744bb8\" data-element_type=\"widget\" data-e-type=\"widget\" data-widget_type=\"text-editor.default\">\n\t\t\t\t<div class=\"elementor-widget-container\">\n\t\t\t\t\t\t\t\t\t<ul><li>Provoca um estado de relaxamento profundo e tranquilo.<\/li><li>Reduz o stress e a ansiedade, melhora o humor.<\/li><li>Favorece o relaxamento e o sono.<\/li><li>Dissolve os bloqueios energ\u00e9ticos e as tens\u00f5es.<\/li><li>Desintoxicar o organismo.<\/li><li>Apoiar o bem-estar de uma pessoa que est\u00e1 a receber tratamento m\u00e9dico tradicional que pode ser debilitante (por exemplo, quimioterapia, radia\u00e7\u00e3o, cirurgia, di\u00e1lise renal).<\/li><li>Fornecer energia vital universal ao corpo e estimular o sistema imunit\u00e1rio.<\/li><li>Ajuda a aliviar a dor<\/li><li>Estimular a cicatriza\u00e7\u00e3o de tecidos e ossos ap\u00f3s uma les\u00e3o ou cirurgia.<\/li><li>Aumentar a frequ\u00eancia vibracional a n\u00edvel f\u00edsico, mental, emocional e espiritual.<\/li><\/ul>\t\t\t\t\t\t\t\t<\/div>\n\t\t\t\t<\/div>\n\t\t\t\t\t<\/div>\n\t\t\t\t<\/div>\n\t\t<div class=\"elementor-element elementor-element-a3144a7 e-flex e-con-boxed e-con e-parent\" data-id=\"a3144a7\" data-element_type=\"container\" data-e-type=\"container\">\n\t\t\t\t\t<div class=\"e-con-inner\">\n\t\t\t\t<div class=\"elementor-element elementor-element-f1b72f9 elementor-widget-divider--view-line elementor-widget elementor-widget-divider\" data-id=\"f1b72f9\" data-element_type=\"widget\" data-e-type=\"widget\" data-widget_type=\"divider.default\">\n\t\t\t\t<div class=\"elementor-widget-container\">\n\t\t\t\t\t\t\t<div class=\"elementor-divider\">\n\t\t\t<span class=\"elementor-divider-separator\">\n\t\t\t\t\t\t<\/span>\n\t\t<\/div>\n\t\t\t\t\t\t<\/div>\n\t\t\t\t<\/div>\n\t\t\t\t\t<\/div>\n\t\t\t\t<\/div>\n\t\t<div class=\"elementor-element elementor-element-9495023 e-flex e-con-boxed e-con e-parent\" data-id=\"9495023\" data-element_type=\"container\" data-e-type=\"container\">\n\t\t\t\t\t<div class=\"e-con-inner\">\n\t\t\t\t<div class=\"elementor-element elementor-element-cb9cd2a elementor-align-center elementor-widget elementor-widget-button\" data-id=\"cb9cd2a\" data-element_type=\"widget\" data-e-type=\"widget\" data-widget_type=\"button.default\">\n\t\t\t\t<div class=\"elementor-widget-container\">\n\t\t\t\t\t\t\t\t\t<div class=\"elementor-button-wrapper\">\n\t\t\t\t\t<a class=\"elementor-button elementor-button-link elementor-size-sm\" href=\"https:\/\/vitalityzen.fr\/index.php\/pedir-cita\/\" target=\"_blank\">\n\t\t\t\t\t\t<span class=\"elementor-button-content-wrapper\">\n\t\t\t\t\t\t\t\t\t<span class=\"elementor-button-text\">Marcar consulta<\/span>\n\t\t\t\t\t<\/span>\n\t\t\t\t\t<\/a>\n\t\t\t\t<\/div>\n\t\t\t\t\t\t\t\t<\/div>\n\t\t\t\t<\/div>\n\t\t\t\t\t<\/div>\n\t\t\t\t<\/div>\n\t\t<div class=\"elementor-element elementor-element-55b0e7b e-con-full e-flex e-con e-parent\" data-id=\"55b0e7b\" data-element_type=\"container\" data-e-type=\"container\">\n\t\t\t\t<div class=\"elementor-element elementor-element-8090e0d elementor-widget-divider--view-line elementor-widget elementor-widget-divider\" data-id=\"8090e0d\" data-element_type=\"widget\" data-e-type=\"widget\" data-widget_type=\"divider.default\">\n\t\t\t\t<div class=\"elementor-widget-container\">\n\t\t\t\t\t\t\t<div class=\"elementor-divider\">\n\t\t\t<span class=\"elementor-divider-separator\">\n\t\t\t\t\t\t<\/span>\n\t\t<\/div>\n\t\t\t\t\t\t<\/div>\n\t\t\t\t<\/div>\n\t\t\t\t<\/div>\n\t\t\t\t<\/div>\n\t\t","protected":false},"excerpt":{"rendered":"<p>O que \u00e9 o Reiki ? O Reiki tem as suas ra\u00edzes na antiga tradi\u00e7\u00e3o japonesa e foi desenvolvido pelo monge Mikao Usui no in\u00edcio do s\u00e9culo XX. A palavra \u201cReiki\u201d vem de duas palavras japonesas: \u201cRei\u201d, que significa \u201cesp\u00edrito universal\u201d, e \u201cKi\u201d, que significa \u201cenergia vital\u201d. Esta t\u00e9cnica baseia-se na cren\u00e7a de que todos [&hellip;]<\/p>\n","protected":false},"author":1,"featured_media":0,"parent":0,"menu_order":0,"comment_status":"closed","ping_status":"closed","template":"","meta":{"footnotes":""},"class_list":["post-499","page","type-page","status-publish","hentry"],"yoast_head":"<!-- This site is optimized with the Yoast SEO plugin v24.4 - https:\/\/yoast.com\/wordpress\/plugins\/seo\/ -->\n<title>REIKI - Vitality Zen<\/title>\n<meta name=\"robots\" content=\"index, follow, max-snippet:-1, max-image-preview:large, max-video-preview:-1\" \/>\n<link rel=\"canonical\" href=\"https:\/\/vitalityzen.fr\/index.php\/pt\/reiki-2\/\" \/>\n<meta property=\"og:locale\" content=\"fr_FR\" \/>\n<meta property=\"og:type\" content=\"article\" \/>\n<meta property=\"og:title\" content=\"REIKI - Vitality Zen\" \/>\n<meta property=\"og:description\" content=\"O que \u00e9 o Reiki ? O Reiki tem as suas ra\u00edzes na antiga tradi\u00e7\u00e3o japonesa e foi desenvolvido pelo monge Mikao Usui no in\u00edcio do s\u00e9culo XX. A palavra \u201cReiki\u201d vem de duas palavras japonesas: \u201cRei\u201d, que significa \u201cesp\u00edrito universal\u201d, e \u201cKi\u201d, que significa \u201cenergia vital\u201d. Esta t\u00e9cnica baseia-se na cren\u00e7a de que todos [&hellip;]\" \/>\n<meta property=\"og:url\" content=\"https:\/\/vitalityzen.fr\/index.php\/pt\/reiki-2\/\" \/>\n<meta property=\"og:site_name\" content=\"Vitality Zen\" \/>\n<meta property=\"article:modified_time\" content=\"2025-02-21T22:48:25+00:00\" \/>\n<meta property=\"og:image\" content=\"https:\/\/vitalityzen.fr\/wp-content\/uploads\/2025\/02\/2149403921-_1_.webp\" \/>\n\t<meta property=\"og:image:width\" content=\"1000\" \/>\n\t<meta property=\"og:image:height\" content=\"667\" \/>\n\t<meta property=\"og:image:type\" content=\"image\/webp\" \/>\n<meta name=\"twitter:card\" content=\"summary_large_image\" \/>\n<meta name=\"twitter:label1\" content=\"Dur\u00e9e de lecture estim\u00e9e\" \/>\n\t<meta name=\"twitter:data1\" content=\"3 minutes\" \/>\n<script type=\"application\/ld+json\" class=\"yoast-schema-graph\">{\"@context\":\"https:\/\/schema.org\",\"@graph\":[{\"@type\":\"WebPage\",\"@id\":\"https:\/\/vitalityzen.fr\/index.php\/pt\/reiki-2\/\",\"url\":\"https:\/\/vitalityzen.fr\/index.php\/pt\/reiki-2\/\",\"name\":\"REIKI - Vitality Zen\",\"isPartOf\":{\"@id\":\"https:\/\/vitalityzen.fr\/#website\"},\"primaryImageOfPage\":{\"@id\":\"https:\/\/vitalityzen.fr\/index.php\/pt\/reiki-2\/#primaryimage\"},\"image\":{\"@id\":\"https:\/\/vitalityzen.fr\/index.php\/pt\/reiki-2\/#primaryimage\"},\"thumbnailUrl\":\"https:\/\/vitalityzen.fr\/wp-content\/uploads\/2025\/02\/2149403921-_1_.webp\",\"datePublished\":\"2025-02-10T16:09:45+00:00\",\"dateModified\":\"2025-02-21T22:48:25+00:00\",\"breadcrumb\":{\"@id\":\"https:\/\/vitalityzen.fr\/index.php\/pt\/reiki-2\/#breadcrumb\"},\"inLanguage\":\"fr-FR\",\"potentialAction\":[{\"@type\":\"ReadAction\",\"target\":[\"https:\/\/vitalityzen.fr\/index.php\/pt\/reiki-2\/\"]}]},{\"@type\":\"ImageObject\",\"inLanguage\":\"fr-FR\",\"@id\":\"https:\/\/vitalityzen.fr\/index.php\/pt\/reiki-2\/#primaryimage\",\"url\":\"https:\/\/vitalityzen.fr\/wp-content\/uploads\/2025\/02\/2149403921-_1_.webp\",\"contentUrl\":\"https:\/\/vitalityzen.fr\/wp-content\/uploads\/2025\/02\/2149403921-_1_.webp\",\"width\":1000,\"height\":667},{\"@type\":\"BreadcrumbList\",\"@id\":\"https:\/\/vitalityzen.fr\/index.php\/pt\/reiki-2\/#breadcrumb\",\"itemListElement\":[{\"@type\":\"ListItem\",\"position\":1,\"name\":\"Accueil\",\"item\":\"https:\/\/vitalityzen.fr\/\"},{\"@type\":\"ListItem\",\"position\":2,\"name\":\"REIKI\"}]},{\"@type\":\"WebSite\",\"@id\":\"https:\/\/vitalityzen.fr\/#website\",\"url\":\"https:\/\/vitalityzen.fr\/\",\"name\":\"Vitality Zen\",\"description\":\"1, Rue Marietton 69009 Lyon - France\",\"publisher\":{\"@id\":\"https:\/\/vitalityzen.fr\/#organization\"},\"potentialAction\":[{\"@type\":\"SearchAction\",\"target\":{\"@type\":\"EntryPoint\",\"urlTemplate\":\"https:\/\/vitalityzen.fr\/?s={search_term_string}\"},\"query-input\":{\"@type\":\"PropertyValueSpecification\",\"valueRequired\":true,\"valueName\":\"search_term_string\"}}],\"inLanguage\":\"fr-FR\"},{\"@type\":\"Organization\",\"@id\":\"https:\/\/vitalityzen.fr\/#organization\",\"name\":\"Vitality Zen\",\"url\":\"https:\/\/vitalityzen.fr\/\",\"logo\":{\"@type\":\"ImageObject\",\"inLanguage\":\"fr-FR\",\"@id\":\"https:\/\/vitalityzen.fr\/#\/schema\/logo\/image\/\",\"url\":\"https:\/\/vitalityzen.fr\/wp-content\/uploads\/2025\/01\/cropped-Plan-de-travail-3-scaled-1.webp\",\"contentUrl\":\"https:\/\/vitalityzen.fr\/wp-content\/uploads\/2025\/01\/cropped-Plan-de-travail-3-scaled-1.webp\",\"width\":2270,\"height\":2533,\"caption\":\"Vitality Zen\"},\"image\":{\"@id\":\"https:\/\/vitalityzen.fr\/#\/schema\/logo\/image\/\"}}]}<\/script>\n<!-- \/ Yoast SEO plugin. -->","yoast_head_json":{"title":"REIKI - Vitality Zen","robots":{"index":"index","follow":"follow","max-snippet":"max-snippet:-1","max-image-preview":"max-image-preview:large","max-video-preview":"max-video-preview:-1"},"canonical":"https:\/\/vitalityzen.fr\/index.php\/pt\/reiki-2\/","og_locale":"fr_FR","og_type":"article","og_title":"REIKI - Vitality Zen","og_description":"O que \u00e9 o Reiki ? O Reiki tem as suas ra\u00edzes na antiga tradi\u00e7\u00e3o japonesa e foi desenvolvido pelo monge Mikao Usui no in\u00edcio do s\u00e9culo XX. A palavra \u201cReiki\u201d vem de duas palavras japonesas: \u201cRei\u201d, que significa \u201cesp\u00edrito universal\u201d, e \u201cKi\u201d, que significa \u201cenergia vital\u201d. Esta t\u00e9cnica baseia-se na cren\u00e7a de que todos [&hellip;]","og_url":"https:\/\/vitalityzen.fr\/index.php\/pt\/reiki-2\/","og_site_name":"Vitality Zen","article_modified_time":"2025-02-21T22:48:25+00:00","og_image":[{"width":1000,"height":667,"url":"https:\/\/vitalityzen.fr\/wp-content\/uploads\/2025\/02\/2149403921-_1_.webp","type":"image\/webp"}],"twitter_card":"summary_large_image","twitter_misc":{"Dur\u00e9e de lecture estim\u00e9e":"3 minutes"},"schema":{"@context":"https:\/\/schema.org","@graph":[{"@type":"WebPage","@id":"https:\/\/vitalityzen.fr\/index.php\/pt\/reiki-2\/","url":"https:\/\/vitalityzen.fr\/index.php\/pt\/reiki-2\/","name":"REIKI - Vitality Zen","isPartOf":{"@id":"https:\/\/vitalityzen.fr\/#website"},"primaryImageOfPage":{"@id":"https:\/\/vitalityzen.fr\/index.php\/pt\/reiki-2\/#primaryimage"},"image":{"@id":"https:\/\/vitalityzen.fr\/index.php\/pt\/reiki-2\/#primaryimage"},"thumbnailUrl":"https:\/\/vitalityzen.fr\/wp-content\/uploads\/2025\/02\/2149403921-_1_.webp","datePublished":"2025-02-10T16:09:45+00:00","dateModified":"2025-02-21T22:48:25+00:00","breadcrumb":{"@id":"https:\/\/vitalityzen.fr\/index.php\/pt\/reiki-2\/#breadcrumb"},"inLanguage":"fr-FR","potentialAction":[{"@type":"ReadAction","target":["https:\/\/vitalityzen.fr\/index.php\/pt\/reiki-2\/"]}]},{"@type":"ImageObject","inLanguage":"fr-FR","@id":"https:\/\/vitalityzen.fr\/index.php\/pt\/reiki-2\/#primaryimage","url":"https:\/\/vitalityzen.fr\/wp-content\/uploads\/2025\/02\/2149403921-_1_.webp","contentUrl":"https:\/\/vitalityzen.fr\/wp-content\/uploads\/2025\/02\/2149403921-_1_.webp","width":1000,"height":667},{"@type":"BreadcrumbList","@id":"https:\/\/vitalityzen.fr\/index.php\/pt\/reiki-2\/#breadcrumb","itemListElement":[{"@type":"ListItem","position":1,"name":"Accueil","item":"https:\/\/vitalityzen.fr\/"},{"@type":"ListItem","position":2,"name":"REIKI"}]},{"@type":"WebSite","@id":"https:\/\/vitalityzen.fr\/#website","url":"https:\/\/vitalityzen.fr\/","name":"Vitality Zen","description":"1, Rue Marietton 69009 Lyon - France","publisher":{"@id":"https:\/\/vitalityzen.fr\/#organization"},"potentialAction":[{"@type":"SearchAction","target":{"@type":"EntryPoint","urlTemplate":"https:\/\/vitalityzen.fr\/?s={search_term_string}"},"query-input":{"@type":"PropertyValueSpecification","valueRequired":true,"valueName":"search_term_string"}}],"inLanguage":"fr-FR"},{"@type":"Organization","@id":"https:\/\/vitalityzen.fr\/#organization","name":"Vitality Zen","url":"https:\/\/vitalityzen.fr\/","logo":{"@type":"ImageObject","inLanguage":"fr-FR","@id":"https:\/\/vitalityzen.fr\/#\/schema\/logo\/image\/","url":"https:\/\/vitalityzen.fr\/wp-content\/uploads\/2025\/01\/cropped-Plan-de-travail-3-scaled-1.webp","contentUrl":"https:\/\/vitalityzen.fr\/wp-content\/uploads\/2025\/01\/cropped-Plan-de-travail-3-scaled-1.webp","width":2270,"height":2533,"caption":"Vitality Zen"},"image":{"@id":"https:\/\/vitalityzen.fr\/#\/schema\/logo\/image\/"}}]}},"_links":{"self":[{"href":"https:\/\/vitalityzen.fr\/index.php\/wp-json\/wp\/v2\/pages\/499","targetHints":{"allow":["GET"]}}],"collection":[{"href":"https:\/\/vitalityzen.fr\/index.php\/wp-json\/wp\/v2\/pages"}],"about":[{"href":"https:\/\/vitalityzen.fr\/index.php\/wp-json\/wp\/v2\/types\/page"}],"author":[{"embeddable":true,"href":"https:\/\/vitalityzen.fr\/index.php\/wp-json\/wp\/v2\/users\/1"}],"replies":[{"embeddable":true,"href":"https:\/\/vitalityzen.fr\/index.php\/wp-json\/wp\/v2\/comments?post=499"}],"version-history":[{"count":16,"href":"https:\/\/vitalityzen.fr\/index.php\/wp-json\/wp\/v2\/pages\/499\/revisions"}],"predecessor-version":[{"id":841,"href":"https:\/\/vitalityzen.fr\/index.php\/wp-json\/wp\/v2\/pages\/499\/revisions\/841"}],"wp:attachment":[{"href":"https:\/\/vitalityzen.fr\/index.php\/wp-json\/wp\/v2\/media?parent=499"}],"curies":[{"name":"wp","href":"https:\/\/api.w.org\/{rel}","templated":true}]}}