{"id":622,"date":"2025-02-14T21:15:21","date_gmt":"2025-02-14T20:15:21","guid":{"rendered":"https:\/\/vitalityzen.fr\/?page_id=622"},"modified":"2025-06-26T13:41:55","modified_gmt":"2025-06-26T11:41:55","slug":"accueil-2","status":"publish","type":"page","link":"https:\/\/vitalityzen.fr\/index.php\/fr\/accueil-2\/","title":{"rendered":"Accueil"},"content":{"rendered":"\t\t<div data-elementor-type=\"wp-page\" data-elementor-id=\"622\" class=\"elementor elementor-622\">\n\t\t\t\t<div class=\"elementor-element elementor-element-8367234 e-con-full e-flex e-con e-parent\" data-id=\"8367234\" data-element_type=\"container\" data-e-type=\"container\">\n\t\t<div class=\"elementor-element elementor-element-f4d1fd2 e-con-full e-flex e-con e-child\" data-id=\"f4d1fd2\" data-element_type=\"container\" data-e-type=\"container\" data-settings=\"{&quot;background_background&quot;:&quot;video&quot;,&quot;background_video_link&quot;:&quot;https:\\\/\\\/youtu.be\\\/um5Pf99VsAE&quot;,&quot;background_play_on_mobile&quot;:&quot;yes&quot;}\">\n\t\t<div class=\"elementor-background-video-container\">\n\t\t\t\t\t\t\t<div class=\"elementor-background-video-embed\" role=\"presentation\"><\/div>\n\t\t\t\t\t\t<\/div>\t\t<div class=\"elementor-element elementor-element-db54fff elementor-widget elementor-widget-text-editor\" data-id=\"db54fff\" data-element_type=\"widget\" data-e-type=\"widget\" data-widget_type=\"text-editor.default\">\n\t\t\t\t<div class=\"elementor-widget-container\">\n\t\t\t\t\t\t\t\t\t<h2><em style=\"font-size: 10.72px;\"><strong><span style=\"color: #782ab5;\">\u00a0<\/span><\/strong><\/em><em><strong><span style=\"color: #782ab5;\">\u00ab\u00a0Trovez votre \u00e9quilibre int\u00e9rieur et transformez votre bien-\u00eatre.<\/span><\/strong><\/em><\/h2><h2><em><strong><span style=\"color: #782ab5;\">Vitality ZEN: o\u00f9 le corps, l&rsquo;esprit et l&rsquo;\u00e2me s&rsquo;harmonisent.<\/span>\u00a0<span style=\"color: #782ab5;\">\u00ab\u00a0<\/span><\/strong><\/em><\/h2>\t\t\t\t\t\t\t\t<\/div>\n\t\t\t\t<\/div>\n\t\t\t\t<\/div>\n\t\t\t\t<\/div>\n\t\t<div class=\"elementor-element elementor-element-868eff3 e-con-full e-flex e-con e-parent\" data-id=\"868eff3\" data-element_type=\"container\" data-e-type=\"container\">\n\t\t\t\t<div class=\"elementor-element elementor-element-adce1e4 elementor-widget__width-initial elementor-widget elementor-widget-heading\" data-id=\"adce1e4\" data-element_type=\"widget\" data-e-type=\"widget\" data-widget_type=\"heading.default\">\n\t\t\t\t<div class=\"elementor-widget-container\">\n\t\t\t\t\t<h2 class=\"elementor-heading-title elementor-size-default\"><br>\nBienvenue \u00e0 Vitality ZEN<br><\/h2>\t\t\t\t<\/div>\n\t\t\t\t<\/div>\n\t\t\t\t<div class=\"elementor-element elementor-element-b7f5e8c elementor-widget__width-initial elementor-widget elementor-widget-text-editor\" data-id=\"b7f5e8c\" data-element_type=\"widget\" data-e-type=\"widget\" data-widget_type=\"text-editor.default\">\n\t\t\t\t<div class=\"elementor-widget-container\">\n\t\t\t\t\t\t\t\t\t<p>\u00a0<\/p><h6><span style=\"color: #ffffff;\">11981<\/span><\/h6><h6><span style=\"color: #ffffff;\">419_488_71\u00a0 \u00a0 \u00a0 \u00a0 \u00a0 \u00a0 \u00a0<\/span><\/h6><h6><span style=\"color: #ffffff;\">71427321893<\/span><\/h6><h6><span style=\"color: #ffffff;\">54121381948<\/span><\/h6><h6><span style=\"color: #ffffff;\">91688<\/span><\/h6><h6><span style=\"color: #ffffff;\">741<\/span><\/h6><h6 style=\"text-align: left;\"><span style=\"color: #ffffff;\">8888\u00a0 \u00a0 \u00a0 \u00a0 \u00a0 \u00a0 \u00a0 \u00a0 \u00a0<\/span><\/h6><h6 style=\"text-align: left;\"><span style=\"color: #ffffff;\">519_7148<\/span><\/h6>\t\t\t\t\t\t\t\t<\/div>\n\t\t\t\t<\/div>\n\t\t\t\t<\/div>\n\t\t<div class=\"elementor-element elementor-element-6aab2d5 e-con-full e-flex e-con e-parent\" data-id=\"6aab2d5\" data-element_type=\"container\" data-e-type=\"container\">\n\t\t\t\t<div class=\"elementor-element elementor-element-55fe71d elementor-widget__width-initial elementor-widget elementor-widget-text-editor\" data-id=\"55fe71d\" data-element_type=\"widget\" data-e-type=\"widget\" data-widget_type=\"text-editor.default\">\n\t\t\t\t<div class=\"elementor-widget-container\">\n\t\t\t\t\t\t\t\t\t<p>\u00a0D\u00e9couvrez un espace con\u00e7u pour votre bien-\u00eatre holistique.<\/p><p>Chez Vitality ZEN, nous croyons au lien profond entre le corps, l&rsquo;\u00e2me et l&rsquo;esprit.<\/p><p>Nous proposons une large gamme de services et de th\u00e9rapies pour vous aider \u00e0 vous d\u00e9tendre, \u00e0 vous revitaliser et \u00e0 vous reconnecter \u00e0 vous-m\u00eame.<\/p>\t\t\t\t\t\t\t\t<\/div>\n\t\t\t\t<\/div>\n\t\t\t\t<\/div>\n\t\t<div class=\"elementor-element elementor-element-d7bee13 e-con-full e-flex e-con e-parent\" data-id=\"d7bee13\" data-element_type=\"container\" data-e-type=\"container\">\n\t\t<div class=\"elementor-element elementor-element-914042f e-con-full e-flex e-con e-child\" data-id=\"914042f\" data-element_type=\"container\" data-e-type=\"container\">\n\t\t\t\t<div class=\"elementor-element elementor-element-8d58bef elementor-widget elementor-widget-image\" data-id=\"8d58bef\" data-element_type=\"widget\" data-e-type=\"widget\" data-widget_type=\"image.default\">\n\t\t\t\t<div class=\"elementor-widget-container\">\n\t\t\t\t\t\t\t\t\t\t\t\t\t\t\t<img fetchpriority=\"high\" decoding=\"async\" width=\"920\" height=\"1000\" src=\"https:\/\/vitalityzen.fr\/wp-content\/uploads\/2025\/01\/4232.jpg\" class=\"attachment-1536x1536 size-1536x1536 wp-image-84\" alt=\"\" srcset=\"https:\/\/vitalityzen.fr\/wp-content\/uploads\/2025\/01\/4232.jpg 920w, https:\/\/vitalityzen.fr\/wp-content\/uploads\/2025\/01\/4232-276x300.jpg 276w, https:\/\/vitalityzen.fr\/wp-content\/uploads\/2025\/01\/4232-768x835.jpg 768w\" sizes=\"(max-width: 920px) 100vw, 920px\" \/>\t\t\t\t\t\t\t\t\t\t\t\t\t\t\t<\/div>\n\t\t\t\t<\/div>\n\t\t\t\t<\/div>\n\t\t<div class=\"elementor-element elementor-element-ea82d75 e-con-full e-flex e-con e-child\" data-id=\"ea82d75\" data-element_type=\"container\" data-e-type=\"container\">\n\t\t<div class=\"elementor-element elementor-element-e8cea12 e-con-full e-flex e-con e-child\" data-id=\"e8cea12\" data-element_type=\"container\" data-e-type=\"container\">\n\t\t\t\t<div class=\"elementor-element elementor-element-715f871 elementor-widget elementor-widget-heading\" data-id=\"715f871\" data-element_type=\"widget\" data-e-type=\"widget\" data-widget_type=\"heading.default\">\n\t\t\t\t<div class=\"elementor-widget-container\">\n\t\t\t\t\t<h2 class=\"elementor-heading-title elementor-size-default\">Nos services comprennent<\/h2>\t\t\t\t<\/div>\n\t\t\t\t<\/div>\n\t\t\t\t<\/div>\n\t\t<div class=\"elementor-element elementor-element-b2cde56 e-con-full e-flex e-con e-child\" data-id=\"b2cde56\" data-element_type=\"container\" data-e-type=\"container\">\n\t\t\t\t<div class=\"elementor-element elementor-element-8cd1acd elementor-widget elementor-widget-text-editor\" data-id=\"8cd1acd\" data-element_type=\"widget\" data-e-type=\"widget\" data-widget_type=\"text-editor.default\">\n\t\t\t\t<div class=\"elementor-widget-container\">\n\t\t\t\t\t\t\t\t\t<ul><li><h5 style=\"text-align: left;\">Des s\u00e9ances de Reiki Usui et Karuna Reiki, comme de Ho&rsquo;oponopono, de Mindfulness et de M\u00e9ditation pour cultiver la paix int\u00e9rieure.<\/h5><\/li><li style=\"text-align: left;\"><h5>Des s\u00e9ances de R\u00e9fl\u00e9xologie, de Litoth\u00e9rapie et pendule, de Therapie de r\u00e9gression des vid\u00e9es anterieures, etc.<\/h5><\/li><li style=\"text-align: left;\"><h5>Des massages personnalis\u00e9s qui lib\u00e8rent les tensions et redonnent de l&rsquo;\u00e9nergie.<\/h5><\/li><li style=\"text-align: left;\"><h5>Des th\u00e9rapies naturelles telles que les fleurs de Bach et de Saint Germain pour \u00e9quilibrer vos \u00e9motions.<\/h5><\/li><li><h5 style=\"text-align: left;\">Des ateliers et des activit\u00e9s de d\u00e9veloppement personnel et spirituel.<\/h5><\/li><\/ul>\t\t\t\t\t\t\t\t<\/div>\n\t\t\t\t<\/div>\n\t\t\t\t<\/div>\n\t\t\t\t<\/div>\n\t\t\t\t<\/div>\n\t\t<div class=\"elementor-element elementor-element-bad39ec e-flex e-con-boxed e-con e-parent\" data-id=\"bad39ec\" data-element_type=\"container\" data-e-type=\"container\">\n\t\t\t\t\t<div class=\"e-con-inner\">\n\t\t\t\t<div class=\"elementor-element elementor-element-87be3e1 elementor-widget-divider--view-line_icon elementor-view-default elementor-widget-divider--element-align-center elementor-widget elementor-widget-divider\" data-id=\"87be3e1\" data-element_type=\"widget\" data-e-type=\"widget\" data-widget_type=\"divider.default\">\n\t\t\t\t<div class=\"elementor-widget-container\">\n\t\t\t\t\t\t\t<div class=\"elementor-divider\">\n\t\t\t<span class=\"elementor-divider-separator\">\n\t\t\t\t\t\t\t<div class=\"elementor-icon elementor-divider__element\">\n\t\t\t\t\t<svg aria-hidden=\"true\" class=\"e-font-icon-svg e-fas-star\" viewBox=\"0 0 576 512\" xmlns=\"http:\/\/www.w3.org\/2000\/svg\"><path d=\"M259.3 17.8L194 150.2 47.9 171.5c-26.2 3.8-36.7 36.1-17.7 54.6l105.7 103-25 145.5c-4.5 26.3 23.2 46 46.4 33.7L288 439.6l130.7 68.7c23.2 12.2 50.9-7.4 46.4-33.7l-25-145.5 105.7-103c19-18.5 8.5-50.8-17.7-54.6L382 150.2 316.7 17.8c-11.7-23.6-45.6-23.9-57.4 0z\"><\/path><\/svg><\/div>\n\t\t\t\t\t\t<\/span>\n\t\t<\/div>\n\t\t\t\t\t\t<\/div>\n\t\t\t\t<\/div>\n\t\t\t\t\t<\/div>\n\t\t\t\t<\/div>\n\t\t<div class=\"elementor-element elementor-element-7307369 e-con-full e-flex e-con e-parent\" data-id=\"7307369\" data-element_type=\"container\" data-e-type=\"container\">\n\t\t\t\t<div class=\"elementor-element elementor-element-7613e7c elementor-widget elementor-widget-heading\" data-id=\"7613e7c\" data-element_type=\"widget\" data-e-type=\"widget\" data-widget_type=\"heading.default\">\n\t\t\t\t<div class=\"elementor-widget-container\">\n\t\t\t\t\t<h2 class=\"elementor-heading-title elementor-size-default\"><br>Pratiques corps-esprit : d\u00e9couvrez l'harmonie int\u00e9rieure.<\/h2>\t\t\t\t<\/div>\n\t\t\t\t<\/div>\n\t\t\t\t<\/div>\n\t\t<div class=\"elementor-element elementor-element-6abe8b7 e-con-full e-flex e-con e-parent\" data-id=\"6abe8b7\" data-element_type=\"container\" data-e-type=\"container\">\n\t\t\t\t<div class=\"elementor-element elementor-element-4b3254e elementor-widget elementor-widget-text-editor\" data-id=\"4b3254e\" data-element_type=\"widget\" data-e-type=\"widget\" data-widget_type=\"text-editor.default\">\n\t\t\t\t<div class=\"elementor-widget-container\">\n\t\t\t\t\t\t\t\t\t<p>Nous pensons que le bien-\u00eatre global commence par l&rsquo;\u00e9quilibre entre le corps et l&rsquo;esprit.<\/p><p>Gr\u00e2ce \u00e0 des pratiques anciennes et \u00e9prouv\u00e9es, nous vous aiderons \u00e0 retrouver votre s\u00e9r\u00e9nit\u00e9 int\u00e9rieure, tout en revitalisant votre corps.<\/p><p style=\"text-align: center;\"><em><strong>\u00ab\u00a0Comme il est impossible de s&rsquo;inqui\u00e9ter pour le pass\u00e9, il est inutile d&rsquo;\u00eatre d\u00e9prim\u00e9 par l&rsquo;avenir\u00a0\u00bb<\/strong><\/em><\/p>\t\t\t\t\t\t\t\t<\/div>\n\t\t\t\t<\/div>\n\t\t\t\t<\/div>\n\t\t<div class=\"elementor-element elementor-element-e6cd38a e-flex e-con-boxed e-con e-parent\" data-id=\"e6cd38a\" data-element_type=\"container\" data-e-type=\"container\">\n\t\t\t\t\t<div class=\"e-con-inner\">\n\t\t\t\t<div class=\"elementor-element elementor-element-f0bc402 elementor-widget elementor-widget-spacer\" data-id=\"f0bc402\" data-element_type=\"widget\" data-e-type=\"widget\" data-widget_type=\"spacer.default\">\n\t\t\t\t<div class=\"elementor-widget-container\">\n\t\t\t\t\t\t\t<div class=\"elementor-spacer\">\n\t\t\t<div class=\"elementor-spacer-inner\"><\/div>\n\t\t<\/div>\n\t\t\t\t\t\t<\/div>\n\t\t\t\t<\/div>\n\t\t\t\t\t<\/div>\n\t\t\t\t<\/div>\n\t\t\t\t<\/div>\n\t\t","protected":false},"excerpt":{"rendered":"<p>\u00a0\u00ab\u00a0Trovez votre \u00e9quilibre int\u00e9rieur et transformez votre bien-\u00eatre. Vitality ZEN: o\u00f9 le corps, l&rsquo;esprit et l&rsquo;\u00e2me s&rsquo;harmonisent.\u00a0\u00ab\u00a0 Bienvenue \u00e0 Vitality ZEN \u00a0 11981 419_488_71\u00a0 \u00a0 \u00a0 \u00a0 \u00a0 \u00a0 \u00a0 71427321893 54121381948 91688 741 8888\u00a0 \u00a0 \u00a0 \u00a0 \u00a0 \u00a0 \u00a0 \u00a0 \u00a0 519_7148 \u00a0D\u00e9couvrez un espace con\u00e7u pour votre bien-\u00eatre holistique. Chez Vitality ZEN, [&hellip;]<\/p>\n","protected":false},"author":1,"featured_media":0,"parent":0,"menu_order":0,"comment_status":"closed","ping_status":"closed","template":"","meta":{"footnotes":""},"class_list":["post-622","page","type-page","status-publish","hentry"],"yoast_head":"<!-- This site is optimized with the Yoast SEO plugin v24.4 - https:\/\/yoast.com\/wordpress\/plugins\/seo\/ -->\n<title>Accueil - Vitality Zen<\/title>\n<meta name=\"robots\" content=\"index, follow, max-snippet:-1, max-image-preview:large, max-video-preview:-1\" \/>\n<link rel=\"canonical\" href=\"https:\/\/vitalityzen.fr\/index.php\/fr\/accueil-2\/\" \/>\n<meta property=\"og:locale\" content=\"fr_FR\" \/>\n<meta property=\"og:type\" content=\"article\" \/>\n<meta property=\"og:title\" content=\"Accueil - Vitality Zen\" \/>\n<meta property=\"og:description\" content=\"\u00a0\u00ab\u00a0Trovez votre \u00e9quilibre int\u00e9rieur et transformez votre bien-\u00eatre. Vitality ZEN: o\u00f9 le corps, l&rsquo;esprit et l&rsquo;\u00e2me s&rsquo;harmonisent.\u00a0\u00ab\u00a0 Bienvenue \u00e0 Vitality ZEN \u00a0 11981 419_488_71\u00a0 \u00a0 \u00a0 \u00a0 \u00a0 \u00a0 \u00a0 71427321893 54121381948 91688 741 8888\u00a0 \u00a0 \u00a0 \u00a0 \u00a0 \u00a0 \u00a0 \u00a0 \u00a0 519_7148 \u00a0D\u00e9couvrez un espace con\u00e7u pour votre bien-\u00eatre holistique. Chez Vitality ZEN, [&hellip;]\" \/>\n<meta property=\"og:url\" content=\"https:\/\/vitalityzen.fr\/index.php\/fr\/accueil-2\/\" \/>\n<meta property=\"og:site_name\" content=\"Vitality Zen\" \/>\n<meta property=\"article:modified_time\" content=\"2025-06-26T11:41:55+00:00\" \/>\n<meta property=\"og:image\" content=\"https:\/\/vitalityzen.fr\/wp-content\/uploads\/2025\/01\/4232.jpg\" \/>\n\t<meta property=\"og:image:width\" content=\"920\" \/>\n\t<meta property=\"og:image:height\" content=\"1000\" \/>\n\t<meta property=\"og:image:type\" content=\"image\/jpeg\" \/>\n<meta name=\"twitter:card\" content=\"summary_large_image\" \/>\n<meta name=\"twitter:label1\" content=\"Dur\u00e9e de lecture estim\u00e9e\" \/>\n\t<meta name=\"twitter:data1\" content=\"2 minutes\" \/>\n<script type=\"application\/ld+json\" class=\"yoast-schema-graph\">{\"@context\":\"https:\/\/schema.org\",\"@graph\":[{\"@type\":\"WebPage\",\"@id\":\"https:\/\/vitalityzen.fr\/index.php\/fr\/accueil-2\/\",\"url\":\"https:\/\/vitalityzen.fr\/index.php\/fr\/accueil-2\/\",\"name\":\"Accueil - Vitality Zen\",\"isPartOf\":{\"@id\":\"https:\/\/vitalityzen.fr\/#website\"},\"primaryImageOfPage\":{\"@id\":\"https:\/\/vitalityzen.fr\/index.php\/fr\/accueil-2\/#primaryimage\"},\"image\":{\"@id\":\"https:\/\/vitalityzen.fr\/index.php\/fr\/accueil-2\/#primaryimage\"},\"thumbnailUrl\":\"https:\/\/vitalityzen.fr\/wp-content\/uploads\/2025\/01\/4232.jpg\",\"datePublished\":\"2025-02-14T20:15:21+00:00\",\"dateModified\":\"2025-06-26T11:41:55+00:00\",\"breadcrumb\":{\"@id\":\"https:\/\/vitalityzen.fr\/index.php\/fr\/accueil-2\/#breadcrumb\"},\"inLanguage\":\"fr-FR\",\"potentialAction\":[{\"@type\":\"ReadAction\",\"target\":[\"https:\/\/vitalityzen.fr\/index.php\/fr\/accueil-2\/\"]}]},{\"@type\":\"ImageObject\",\"inLanguage\":\"fr-FR\",\"@id\":\"https:\/\/vitalityzen.fr\/index.php\/fr\/accueil-2\/#primaryimage\",\"url\":\"https:\/\/vitalityzen.fr\/wp-content\/uploads\/2025\/01\/4232.jpg\",\"contentUrl\":\"https:\/\/vitalityzen.fr\/wp-content\/uploads\/2025\/01\/4232.jpg\",\"width\":920,\"height\":1000},{\"@type\":\"BreadcrumbList\",\"@id\":\"https:\/\/vitalityzen.fr\/index.php\/fr\/accueil-2\/#breadcrumb\",\"itemListElement\":[{\"@type\":\"ListItem\",\"position\":1,\"name\":\"Accueil\",\"item\":\"https:\/\/vitalityzen.fr\/\"},{\"@type\":\"ListItem\",\"position\":2,\"name\":\"Accueil\"}]},{\"@type\":\"WebSite\",\"@id\":\"https:\/\/vitalityzen.fr\/#website\",\"url\":\"https:\/\/vitalityzen.fr\/\",\"name\":\"Vitality Zen\",\"description\":\"1, Rue Marietton 69009 Lyon - France\",\"publisher\":{\"@id\":\"https:\/\/vitalityzen.fr\/#organization\"},\"potentialAction\":[{\"@type\":\"SearchAction\",\"target\":{\"@type\":\"EntryPoint\",\"urlTemplate\":\"https:\/\/vitalityzen.fr\/?s={search_term_string}\"},\"query-input\":{\"@type\":\"PropertyValueSpecification\",\"valueRequired\":true,\"valueName\":\"search_term_string\"}}],\"inLanguage\":\"fr-FR\"},{\"@type\":\"Organization\",\"@id\":\"https:\/\/vitalityzen.fr\/#organization\",\"name\":\"Vitality Zen\",\"url\":\"https:\/\/vitalityzen.fr\/\",\"logo\":{\"@type\":\"ImageObject\",\"inLanguage\":\"fr-FR\",\"@id\":\"https:\/\/vitalityzen.fr\/#\/schema\/logo\/image\/\",\"url\":\"https:\/\/vitalityzen.fr\/wp-content\/uploads\/2025\/01\/cropped-Plan-de-travail-3-scaled-1.webp\",\"contentUrl\":\"https:\/\/vitalityzen.fr\/wp-content\/uploads\/2025\/01\/cropped-Plan-de-travail-3-scaled-1.webp\",\"width\":2270,\"height\":2533,\"caption\":\"Vitality Zen\"},\"image\":{\"@id\":\"https:\/\/vitalityzen.fr\/#\/schema\/logo\/image\/\"}}]}<\/script>\n<!-- \/ Yoast SEO plugin. -->","yoast_head_json":{"title":"Accueil - Vitality Zen","robots":{"index":"index","follow":"follow","max-snippet":"max-snippet:-1","max-image-preview":"max-image-preview:large","max-video-preview":"max-video-preview:-1"},"canonical":"https:\/\/vitalityzen.fr\/index.php\/fr\/accueil-2\/","og_locale":"fr_FR","og_type":"article","og_title":"Accueil - Vitality Zen","og_description":"\u00a0\u00ab\u00a0Trovez votre \u00e9quilibre int\u00e9rieur et transformez votre bien-\u00eatre. Vitality ZEN: o\u00f9 le corps, l&rsquo;esprit et l&rsquo;\u00e2me s&rsquo;harmonisent.\u00a0\u00ab\u00a0 Bienvenue \u00e0 Vitality ZEN \u00a0 11981 419_488_71\u00a0 \u00a0 \u00a0 \u00a0 \u00a0 \u00a0 \u00a0 71427321893 54121381948 91688 741 8888\u00a0 \u00a0 \u00a0 \u00a0 \u00a0 \u00a0 \u00a0 \u00a0 \u00a0 519_7148 \u00a0D\u00e9couvrez un espace con\u00e7u pour votre bien-\u00eatre holistique. Chez Vitality ZEN, [&hellip;]","og_url":"https:\/\/vitalityzen.fr\/index.php\/fr\/accueil-2\/","og_site_name":"Vitality Zen","article_modified_time":"2025-06-26T11:41:55+00:00","og_image":[{"width":920,"height":1000,"url":"https:\/\/vitalityzen.fr\/wp-content\/uploads\/2025\/01\/4232.jpg","type":"image\/jpeg"}],"twitter_card":"summary_large_image","twitter_misc":{"Dur\u00e9e de lecture estim\u00e9e":"2 minutes"},"schema":{"@context":"https:\/\/schema.org","@graph":[{"@type":"WebPage","@id":"https:\/\/vitalityzen.fr\/index.php\/fr\/accueil-2\/","url":"https:\/\/vitalityzen.fr\/index.php\/fr\/accueil-2\/","name":"Accueil - Vitality Zen","isPartOf":{"@id":"https:\/\/vitalityzen.fr\/#website"},"primaryImageOfPage":{"@id":"https:\/\/vitalityzen.fr\/index.php\/fr\/accueil-2\/#primaryimage"},"image":{"@id":"https:\/\/vitalityzen.fr\/index.php\/fr\/accueil-2\/#primaryimage"},"thumbnailUrl":"https:\/\/vitalityzen.fr\/wp-content\/uploads\/2025\/01\/4232.jpg","datePublished":"2025-02-14T20:15:21+00:00","dateModified":"2025-06-26T11:41:55+00:00","breadcrumb":{"@id":"https:\/\/vitalityzen.fr\/index.php\/fr\/accueil-2\/#breadcrumb"},"inLanguage":"fr-FR","potentialAction":[{"@type":"ReadAction","target":["https:\/\/vitalityzen.fr\/index.php\/fr\/accueil-2\/"]}]},{"@type":"ImageObject","inLanguage":"fr-FR","@id":"https:\/\/vitalityzen.fr\/index.php\/fr\/accueil-2\/#primaryimage","url":"https:\/\/vitalityzen.fr\/wp-content\/uploads\/2025\/01\/4232.jpg","contentUrl":"https:\/\/vitalityzen.fr\/wp-content\/uploads\/2025\/01\/4232.jpg","width":920,"height":1000},{"@type":"BreadcrumbList","@id":"https:\/\/vitalityzen.fr\/index.php\/fr\/accueil-2\/#breadcrumb","itemListElement":[{"@type":"ListItem","position":1,"name":"Accueil","item":"https:\/\/vitalityzen.fr\/"},{"@type":"ListItem","position":2,"name":"Accueil"}]},{"@type":"WebSite","@id":"https:\/\/vitalityzen.fr\/#website","url":"https:\/\/vitalityzen.fr\/","name":"Vitality Zen","description":"1, Rue Marietton 69009 Lyon - France","publisher":{"@id":"https:\/\/vitalityzen.fr\/#organization"},"potentialAction":[{"@type":"SearchAction","target":{"@type":"EntryPoint","urlTemplate":"https:\/\/vitalityzen.fr\/?s={search_term_string}"},"query-input":{"@type":"PropertyValueSpecification","valueRequired":true,"valueName":"search_term_string"}}],"inLanguage":"fr-FR"},{"@type":"Organization","@id":"https:\/\/vitalityzen.fr\/#organization","name":"Vitality Zen","url":"https:\/\/vitalityzen.fr\/","logo":{"@type":"ImageObject","inLanguage":"fr-FR","@id":"https:\/\/vitalityzen.fr\/#\/schema\/logo\/image\/","url":"https:\/\/vitalityzen.fr\/wp-content\/uploads\/2025\/01\/cropped-Plan-de-travail-3-scaled-1.webp","contentUrl":"https:\/\/vitalityzen.fr\/wp-content\/uploads\/2025\/01\/cropped-Plan-de-travail-3-scaled-1.webp","width":2270,"height":2533,"caption":"Vitality Zen"},"image":{"@id":"https:\/\/vitalityzen.fr\/#\/schema\/logo\/image\/"}}]}},"_links":{"self":[{"href":"https:\/\/vitalityzen.fr\/index.php\/wp-json\/wp\/v2\/pages\/622","targetHints":{"allow":["GET"]}}],"collection":[{"href":"https:\/\/vitalityzen.fr\/index.php\/wp-json\/wp\/v2\/pages"}],"about":[{"href":"https:\/\/vitalityzen.fr\/index.php\/wp-json\/wp\/v2\/types\/page"}],"author":[{"embeddable":true,"href":"https:\/\/vitalityzen.fr\/index.php\/wp-json\/wp\/v2\/users\/1"}],"replies":[{"embeddable":true,"href":"https:\/\/vitalityzen.fr\/index.php\/wp-json\/wp\/v2\/comments?post=622"}],"version-history":[{"count":49,"href":"https:\/\/vitalityzen.fr\/index.php\/wp-json\/wp\/v2\/pages\/622\/revisions"}],"predecessor-version":[{"id":1639,"href":"https:\/\/vitalityzen.fr\/index.php\/wp-json\/wp\/v2\/pages\/622\/revisions\/1639"}],"wp:attachment":[{"href":"https:\/\/vitalityzen.fr\/index.php\/wp-json\/wp\/v2\/media?parent=622"}],"curies":[{"name":"wp","href":"https:\/\/api.w.org\/{rel}","templated":true}]}}