{"id":665,"date":"2025-02-14T21:56:14","date_gmt":"2025-02-14T20:56:14","guid":{"rendered":"https:\/\/vitalityzen.fr\/?page_id=665"},"modified":"2025-07-08T15:00:59","modified_gmt":"2025-07-08T13:00:59","slug":"ventouses-et-moxibustion","status":"publish","type":"page","link":"https:\/\/vitalityzen.fr\/index.php\/fr\/ventouses-et-moxibustion\/","title":{"rendered":"Ventouses et Moxibustion"},"content":{"rendered":"\t\t<div data-elementor-type=\"wp-page\" data-elementor-id=\"665\" class=\"elementor elementor-665\">\n\t\t\t\t<div class=\"elementor-element elementor-element-0f618a6 e-flex e-con-boxed e-con e-parent\" data-id=\"0f618a6\" data-element_type=\"container\" data-e-type=\"container\">\n\t\t\t\t\t<div class=\"e-con-inner\">\n\t\t\t\t<div class=\"elementor-element elementor-element-8c94a42 elementor-widget elementor-widget-spacer\" data-id=\"8c94a42\" data-element_type=\"widget\" data-e-type=\"widget\" data-widget_type=\"spacer.default\">\n\t\t\t\t<div class=\"elementor-widget-container\">\n\t\t\t\t\t\t\t<div class=\"elementor-spacer\">\n\t\t\t<div class=\"elementor-spacer-inner\"><\/div>\n\t\t<\/div>\n\t\t\t\t\t\t<\/div>\n\t\t\t\t<\/div>\n\t\t\t\t<div class=\"elementor-element elementor-element-8c1861c elementor-widget elementor-widget-heading\" data-id=\"8c1861c\" data-element_type=\"widget\" data-e-type=\"widget\" data-widget_type=\"heading.default\">\n\t\t\t\t<div class=\"elementor-widget-container\">\n\t\t\t\t\t<h2 class=\"elementor-heading-title elementor-size-default\">VENTOUSES &amp; MOXIBUSTION<br><br><\/h2>\t\t\t\t<\/div>\n\t\t\t\t<\/div>\n\t\t\t\t\t<\/div>\n\t\t\t\t<\/div>\n\t\t<div class=\"elementor-element elementor-element-1479153 e-con-full e-flex e-con e-parent\" data-id=\"1479153\" data-element_type=\"container\" data-e-type=\"container\">\n\t\t\t\t<div class=\"elementor-element elementor-element-52a4d84 elementor-widget elementor-widget-text-editor\" data-id=\"52a4d84\" data-element_type=\"widget\" data-e-type=\"widget\" data-widget_type=\"text-editor.default\">\n\t\t\t\t<div class=\"elementor-widget-container\">\n\t\t\t\t\t\t\t\t\t<p>La ventouse (\u00e9galement connue sous le nom de cupping ou hijama) est l&rsquo;une des plus anciennes th\u00e9rapies connues. Son utilisation m\u00e9dicale remonte \u00e0 plus de 3 000 ans et on trouve des r\u00e9f\u00e9rences \u00e0 son utilisation par des m\u00e9decins de l&rsquo;\u00c9gypte ancienne, de la Gr\u00e8ce et de la Chine.<\/p><p>Aujourd&rsquo;hui, de nombreuses \u00e9tudes cliniques confirment son efficacit\u00e9 dans divers domaines du traitement m\u00e9dical, \u00e0 la fois localement pour traiter la douleur et gr\u00e2ce \u00e0 son action r\u00e9flexo-th\u00e9rapeutique \u00e0 l&rsquo;int\u00e9rieur du corps.<\/p><p>Cette th\u00e9rapie est une technique dans laquelle des ventouses (cloches de cristal) sont appliqu\u00e9es sur la peau apr\u00e8s un vide, cr\u00e9ant un effet de succion sur la peau et une partie du muscle.<\/p><p>Cette technique active et stimule la circulation sanguine et lymphatique, augmentant le flux d&rsquo;oxyg\u00e8ne, assouplissant les tissus, augmentant la r\u00e9ponse physiologique anti-inflammatoire, \u00e9liminant les toxines et aidant \u00e0 la r\u00e9paration des tissus.<\/p><p>L&rsquo;application d&rsquo;une ventouse permet de soulager tr\u00e8s rapidement la douleur due \u00e0 l&rsquo;inflammation ou \u00e0 la contracture musculaire.<\/p><p>Elle agit comme un puissant analg\u00e9sique qui permet de r\u00e9duire, voire de se passer d&rsquo;analg\u00e9siques et d&rsquo;anti-inflammatoires, \u00e9vitant ainsi leurs effets secondaires.<\/p><p>Elle est \u00e9galement utile comme th\u00e9rapie compl\u00e9mentaire pour les personnes souffrant de troubles \u00e9motionnels, d&rsquo;anxi\u00e9t\u00e9 et de somatisation.<\/p>\t\t\t\t\t\t\t\t<\/div>\n\t\t\t\t<\/div>\n\t\t\t\t<\/div>\n\t\t<div class=\"elementor-element elementor-element-62792d7 e-con-full e-flex e-con e-parent\" data-id=\"62792d7\" data-element_type=\"container\" data-e-type=\"container\">\n\t\t\t\t<div class=\"elementor-element elementor-element-0cbd1a6 elementor-widget elementor-widget-image\" data-id=\"0cbd1a6\" data-element_type=\"widget\" data-e-type=\"widget\" data-widget_type=\"image.default\">\n\t\t\t\t<div class=\"elementor-widget-container\">\n\t\t\t\t\t\t\t\t\t\t\t\t\t\t\t<img fetchpriority=\"high\" decoding=\"async\" width=\"768\" height=\"333\" src=\"https:\/\/vitalityzen.fr\/wp-content\/uploads\/2025\/02\/Plan-de-travail-1-1-768x333.webp\" class=\"attachment-medium_large size-medium_large wp-image-402\" alt=\"\" srcset=\"https:\/\/vitalityzen.fr\/wp-content\/uploads\/2025\/02\/Plan-de-travail-1-1-768x333.webp 768w, https:\/\/vitalityzen.fr\/wp-content\/uploads\/2025\/02\/Plan-de-travail-1-1-300x130.webp 300w, https:\/\/vitalityzen.fr\/wp-content\/uploads\/2025\/02\/Plan-de-travail-1-1-1024x444.webp 1024w, https:\/\/vitalityzen.fr\/wp-content\/uploads\/2025\/02\/Plan-de-travail-1-1.webp 1056w\" sizes=\"(max-width: 768px) 100vw, 768px\" \/>\t\t\t\t\t\t\t\t\t\t\t\t\t\t\t<\/div>\n\t\t\t\t<\/div>\n\t\t\t\t<\/div>\n\t\t<div class=\"elementor-element elementor-element-c7ac664 e-con-full e-flex e-con e-parent\" data-id=\"c7ac664\" data-element_type=\"container\" data-e-type=\"container\">\n\t\t\t\t<div class=\"elementor-element elementor-element-14d8eb5 elementor-widget elementor-widget-heading\" data-id=\"14d8eb5\" data-element_type=\"widget\" data-e-type=\"widget\" data-widget_type=\"heading.default\">\n\t\t\t\t<div class=\"elementor-widget-container\">\n\t\t\t\t\t<h2 class=\"elementor-heading-title elementor-size-default\">B\u00c9N\u00c9FICES <\/h2>\t\t\t\t<\/div>\n\t\t\t\t<\/div>\n\t\t\t\t<\/div>\n\t\t<div class=\"elementor-element elementor-element-970c719 e-con-full e-flex e-con e-parent\" data-id=\"970c719\" data-element_type=\"container\" data-e-type=\"container\">\n\t\t\t\t<div class=\"elementor-element elementor-element-7c552ae elementor-widget elementor-widget-text-editor\" data-id=\"7c552ae\" data-element_type=\"widget\" data-e-type=\"widget\" data-widget_type=\"text-editor.default\">\n\t\t\t\t<div class=\"elementor-widget-container\">\n\t\t\t\t\t\t\t\t\t<p>&#8211; Active et stimule la circulation sanguine et lymphatique.<\/p><p>&#8211; Augmente le flux d&rsquo;oxyg\u00e8ne vers le foyer d&rsquo;inflammation.<\/p><p>&#8211; Augmente la r\u00e9ponse physiologique anti-inflammatoire.<\/p><p>&#8211; Favoriser l&rsquo;\u00e9limination des toxines et promouvoir la r\u00e9paration de la zone enflamm\u00e9e et\/ou contract\u00e9e.<\/p><p>L&rsquo;inflammation et\/ou la contracture du syst\u00e8me musculo-squelettique est tr\u00e8s fr\u00e9quente et provoque de nombreuses douleurs.<\/p>\t\t\t\t\t\t\t\t<\/div>\n\t\t\t\t<\/div>\n\t\t\t\t<\/div>\n\t\t<div class=\"elementor-element elementor-element-d6dbd0d e-con-full e-flex e-con e-parent\" data-id=\"d6dbd0d\" data-element_type=\"container\" data-e-type=\"container\">\n\t\t\t\t<div class=\"elementor-element elementor-element-c2cf42d elementor-widget elementor-widget-heading\" data-id=\"c2cf42d\" data-element_type=\"widget\" data-e-type=\"widget\" data-widget_type=\"heading.default\">\n\t\t\t\t<div class=\"elementor-widget-container\">\n\t\t\t\t\t<h4 class=\"elementor-heading-title elementor-size-default\">Il est recommand\u00e9 pour :<\/h4>\t\t\t\t<\/div>\n\t\t\t\t<\/div>\n\t\t\t\t<\/div>\n\t\t<div class=\"elementor-element elementor-element-ba11d17 e-con-full e-flex e-con e-parent\" data-id=\"ba11d17\" data-element_type=\"container\" data-e-type=\"container\">\n\t\t\t\t<div class=\"elementor-element elementor-element-6d15680 elementor-widget elementor-widget-text-editor\" data-id=\"6d15680\" data-element_type=\"widget\" data-e-type=\"widget\" data-widget_type=\"text-editor.default\">\n\t\t\t\t<div class=\"elementor-widget-container\">\n\t\t\t\t\t\t\t\t\t<p>&#8211; Les personnes pr\u00e9sentant un niveau de stress \u00e9lev\u00e9 qui se manifeste sous forme de contractures musculaires.<\/p><p>&#8211; Les patients atteints de fibromyalgie.<\/p><p>&#8211; Les douleurs articulaires, en particulier au niveau des genoux et des \u00e9paules.<\/p><p>&#8211; L&rsquo;anxi\u00e9t\u00e9.<\/p><p>&#8211; Les troubles fonctionnels du syst\u00e8me digestif (dyspepsie biliaire).<\/p><p>&#8211; Les personnes souffrant de troubles r\u00e9naux ou h\u00e9patiques pour lesquelles de nombreux m\u00e9dicaments (anti-inflammatoires, analg\u00e9siques, etc.) sont contre-indiqu\u00e9s.<\/p>\t\t\t\t\t\t\t\t<\/div>\n\t\t\t\t<\/div>\n\t\t\t\t<\/div>\n\t\t<div class=\"elementor-element elementor-element-45860c5 e-flex e-con-boxed e-con e-parent\" data-id=\"45860c5\" data-element_type=\"container\" data-e-type=\"container\">\n\t\t\t\t\t<div class=\"e-con-inner\">\n\t\t\t\t<div class=\"elementor-element elementor-element-d5dc4da elementor-widget-divider--view-line elementor-widget elementor-widget-divider\" data-id=\"d5dc4da\" data-element_type=\"widget\" data-e-type=\"widget\" data-widget_type=\"divider.default\">\n\t\t\t\t<div class=\"elementor-widget-container\">\n\t\t\t\t\t\t\t<div class=\"elementor-divider\">\n\t\t\t<span class=\"elementor-divider-separator\">\n\t\t\t\t\t\t<\/span>\n\t\t<\/div>\n\t\t\t\t\t\t<\/div>\n\t\t\t\t<\/div>\n\t\t\t\t\t<\/div>\n\t\t\t\t<\/div>\n\t\t<div class=\"elementor-element elementor-element-4598a5a e-con-full e-flex e-con e-parent\" data-id=\"4598a5a\" data-element_type=\"container\" data-e-type=\"container\">\n\t\t\t\t<div class=\"elementor-element elementor-element-d9d8a7a elementor-widget elementor-widget-heading\" data-id=\"d9d8a7a\" data-element_type=\"widget\" data-e-type=\"widget\" data-widget_type=\"heading.default\">\n\t\t\t\t<div class=\"elementor-widget-container\">\n\t\t\t\t\t<h1 class=\"elementor-heading-title elementor-size-default\">MOXIBUSTION<\/h1>\t\t\t\t<\/div>\n\t\t\t\t<\/div>\n\t\t\t\t<\/div>\n\t\t<div class=\"elementor-element elementor-element-68a7072 e-con-full e-flex e-con e-parent\" data-id=\"68a7072\" data-element_type=\"container\" data-e-type=\"container\">\n\t\t<div class=\"elementor-element elementor-element-1a2bb1d e-con-full e-flex e-con e-child\" data-id=\"1a2bb1d\" data-element_type=\"container\" data-e-type=\"container\">\n\t\t\t\t<div class=\"elementor-element elementor-element-a74b39d elementor-widget elementor-widget-text-editor\" data-id=\"a74b39d\" data-element_type=\"widget\" data-e-type=\"widget\" data-widget_type=\"text-editor.default\">\n\t\t\t\t<div class=\"elementor-widget-container\">\n\t\t\t\t\t\t\t\t\t<p><strong>En quoi consiste cette th\u00e9rapie ?<\/strong><\/p><p>Elle consiste \u00e0 appliquer de la chaleur directement ou indirectement sur certains points du corps, qui co\u00efncident g\u00e9n\u00e9ralement avec les points d&rsquo;acupuncture, les m\u00e9ridiens.<\/p><p>La chaleur est appliqu\u00e9e \u00e0 l&rsquo;aide du moxa ou de l&rsquo;allumage d&rsquo;un c\u00f4ne d&rsquo;armoise, en utilisant \u00e9galement les propri\u00e9t\u00e9s th\u00e9rapeutiques de la racine de cette plante.<\/p><p>Ses bienfaits th\u00e9rapeutiques se comptent par milliers, c&rsquo;est pourquoi elle est souvent utilis\u00e9e individuellement ou combin\u00e9e \u00e0 d&rsquo;autres techniques de la m\u00e9decine traditionnelle chinoise, comme l&rsquo;acupuncture, afin d&rsquo;en maximiser l&rsquo;effet.<\/p><p><strong>Ses bienfaits sont les suivants<\/strong> : elle induit la relaxation et r\u00e9duit la rigidit\u00e9 musculaire; elle aide \u00e0 \u00e9liminer le froid et l&rsquo;humidit\u00e9 internes; elle provoque une augmentation locale du flux sanguin et de l&rsquo;\u00e9nergie.<\/p>\t\t\t\t\t\t\t\t<\/div>\n\t\t\t\t<\/div>\n\t\t\t\t<\/div>\n\t\t<div class=\"elementor-element elementor-element-cfc1477 e-con-full e-flex e-con e-child\" data-id=\"cfc1477\" data-element_type=\"container\" data-e-type=\"container\">\n\t\t\t\t<div class=\"elementor-element elementor-element-a7f8a5e elementor-widget elementor-widget-image\" data-id=\"a7f8a5e\" data-element_type=\"widget\" data-e-type=\"widget\" data-widget_type=\"image.default\">\n\t\t\t\t<div class=\"elementor-widget-container\">\n\t\t\t\t\t\t\t\t\t\t\t\t\t\t\t<img decoding=\"async\" width=\"256\" height=\"153\" src=\"https:\/\/vitalityzen.fr\/wp-content\/uploads\/2025\/02\/moxa.webp\" class=\"attachment-large size-large wp-image-404\" alt=\"\" \/>\t\t\t\t\t\t\t\t\t\t\t\t\t\t\t<\/div>\n\t\t\t\t<\/div>\n\t\t\t\t<div class=\"elementor-element elementor-element-3898917 elementor-widget elementor-widget-image\" data-id=\"3898917\" data-element_type=\"widget\" data-e-type=\"widget\" data-widget_type=\"image.default\">\n\t\t\t\t<div class=\"elementor-widget-container\">\n\t\t\t\t\t\t\t\t\t\t\t\t\t\t\t<img decoding=\"async\" width=\"256\" height=\"155\" src=\"https:\/\/vitalityzen.fr\/wp-content\/uploads\/2025\/02\/Moxa-2.webp\" class=\"attachment-large size-large wp-image-405\" alt=\"\" \/>\t\t\t\t\t\t\t\t\t\t\t\t\t\t\t<\/div>\n\t\t\t\t<\/div>\n\t\t\t\t<\/div>\n\t\t\t\t<\/div>\n\t\t<div class=\"elementor-element elementor-element-12a5dcf e-con-full e-flex e-con e-parent\" data-id=\"12a5dcf\" data-element_type=\"container\" data-e-type=\"container\">\n\t\t\t\t<div class=\"elementor-element elementor-element-dd08c75 elementor-widget elementor-widget-heading\" data-id=\"dd08c75\" data-element_type=\"widget\" data-e-type=\"widget\" data-widget_type=\"heading.default\">\n\t\t\t\t<div class=\"elementor-widget-container\">\n\t\t\t\t\t<h2 class=\"elementor-heading-title elementor-size-default\">La moxibustion peut traiter des probl\u00e8mes tels que :<\/h2>\t\t\t\t<\/div>\n\t\t\t\t<\/div>\n\t\t\t\t<\/div>\n\t\t<div class=\"elementor-element elementor-element-8917566 e-con-full e-flex e-con e-parent\" data-id=\"8917566\" data-element_type=\"container\" data-e-type=\"container\">\n\t\t\t\t<div class=\"elementor-element elementor-element-8e7f9a6 elementor-widget elementor-widget-text-editor\" data-id=\"8e7f9a6\" data-element_type=\"widget\" data-e-type=\"widget\" data-widget_type=\"text-editor.default\">\n\t\t\t\t<div class=\"elementor-widget-container\">\n\t\t\t\t\t\t\t\t\t<p>&#8211; L&rsquo;infertilit\u00e9.<\/p><p>&#8211; Le stress et l&rsquo;anxi\u00e9t\u00e9.<\/p><p>&#8211; La d\u00e9pression<\/p><p>&#8211; L&rsquo;insomnie<\/p><p>&#8211; Le sevrage tabagique<\/p><p>&#8211; Maux de t\u00eate, migraines.<\/p><p>&#8211; Probl\u00e8mes respiratoires chroniques : asthme, sinusite, processus catarrhaux.<\/p><p>&#8211; Probl\u00e8mes digestifs chroniques : constipation ou diarrh\u00e9e.<\/p><p>&#8211; Allergies.<\/p><p>&#8211; Probl\u00e8mes de peau.<\/p><p>&#8211; Hyperhidrose (hypersudation).<\/p><p>&#8211; L\u00e9sions chroniques des tendons et des articulations.<\/p><p>&#8211; Probl\u00e8mes gyn\u00e9cologiques : troubles menstruels, dysm\u00e9norrh\u00e9e et, \u00e0 la m\u00e9nopause, bouff\u00e9es de chaleur. Les bouff\u00e9es de chaleur peuvent se manifester la nuit sous forme de sueurs nocturnes.<\/p>\t\t\t\t\t\t\t\t<\/div>\n\t\t\t\t<\/div>\n\t\t\t\t<\/div>\n\t\t<div class=\"elementor-element elementor-element-c3cda30 e-flex e-con-boxed e-con e-parent\" data-id=\"c3cda30\" data-element_type=\"container\" data-e-type=\"container\">\n\t\t\t\t\t<div class=\"e-con-inner\">\n\t\t\t\t<div class=\"elementor-element elementor-element-0e56336 elementor-widget-divider--view-line elementor-widget elementor-widget-divider\" data-id=\"0e56336\" data-element_type=\"widget\" data-e-type=\"widget\" data-widget_type=\"divider.default\">\n\t\t\t\t<div class=\"elementor-widget-container\">\n\t\t\t\t\t\t\t<div class=\"elementor-divider\">\n\t\t\t<span class=\"elementor-divider-separator\">\n\t\t\t\t\t\t<\/span>\n\t\t<\/div>\n\t\t\t\t\t\t<\/div>\n\t\t\t\t<\/div>\n\t\t\t\t\t<\/div>\n\t\t\t\t<\/div>\n\t\t<div class=\"elementor-element elementor-element-7ff6056 e-flex e-con-boxed e-con e-parent\" data-id=\"7ff6056\" data-element_type=\"container\" data-e-type=\"container\">\n\t\t\t\t\t<div class=\"e-con-inner\">\n\t\t\t\t<div class=\"elementor-element elementor-element-60b0b82 elementor-align-center elementor-widget elementor-widget-button\" data-id=\"60b0b82\" data-element_type=\"widget\" data-e-type=\"widget\" data-widget_type=\"button.default\">\n\t\t\t\t<div class=\"elementor-widget-container\">\n\t\t\t\t\t\t\t\t\t<div class=\"elementor-button-wrapper\">\n\t\t\t\t\t<a class=\"elementor-button elementor-button-link elementor-size-sm\" href=\"https:\/\/vitalityzen.fr\/index.php\/pedir-cita\/\" target=\"_blank\">\n\t\t\t\t\t\t<span class=\"elementor-button-content-wrapper\">\n\t\t\t\t\t\t\t\t\t<span class=\"elementor-button-text\">Rendez-Vous<\/span>\n\t\t\t\t\t<\/span>\n\t\t\t\t\t<\/a>\n\t\t\t\t<\/div>\n\t\t\t\t\t\t\t\t<\/div>\n\t\t\t\t<\/div>\n\t\t\t\t\t<\/div>\n\t\t\t\t<\/div>\n\t\t<div class=\"elementor-element elementor-element-c4685fb e-con-full e-flex e-con e-parent\" data-id=\"c4685fb\" data-element_type=\"container\" data-e-type=\"container\">\n\t\t\t\t<div class=\"elementor-element elementor-element-483757d elementor-widget-divider--view-line elementor-widget elementor-widget-divider\" data-id=\"483757d\" data-element_type=\"widget\" data-e-type=\"widget\" data-widget_type=\"divider.default\">\n\t\t\t\t<div class=\"elementor-widget-container\">\n\t\t\t\t\t\t\t<div class=\"elementor-divider\">\n\t\t\t<span class=\"elementor-divider-separator\">\n\t\t\t\t\t\t<\/span>\n\t\t<\/div>\n\t\t\t\t\t\t<\/div>\n\t\t\t\t<\/div>\n\t\t\t\t<\/div>\n\t\t\t\t<\/div>\n\t\t","protected":false},"excerpt":{"rendered":"<p>VENTOUSES &amp; MOXIBUSTION La ventouse (\u00e9galement connue sous le nom de cupping ou hijama) est l&rsquo;une des plus anciennes th\u00e9rapies connues. Son utilisation m\u00e9dicale remonte \u00e0 plus de 3 000 ans et on trouve des r\u00e9f\u00e9rences \u00e0 son utilisation par des m\u00e9decins de l&rsquo;\u00c9gypte ancienne, de la Gr\u00e8ce et de la Chine. Aujourd&rsquo;hui, de nombreuses [&hellip;]<\/p>\n","protected":false},"author":1,"featured_media":0,"parent":0,"menu_order":0,"comment_status":"closed","ping_status":"closed","template":"","meta":{"footnotes":""},"class_list":["post-665","page","type-page","status-publish","hentry"],"yoast_head":"<!-- This site is optimized with the Yoast SEO plugin v24.4 - https:\/\/yoast.com\/wordpress\/plugins\/seo\/ -->\n<title>Ventouses et Moxibustion - Vitality Zen<\/title>\n<meta name=\"robots\" content=\"index, follow, max-snippet:-1, max-image-preview:large, max-video-preview:-1\" \/>\n<link rel=\"canonical\" href=\"https:\/\/vitalityzen.fr\/index.php\/fr\/ventouses-et-moxibustion\/\" \/>\n<meta property=\"og:locale\" content=\"fr_FR\" \/>\n<meta property=\"og:type\" content=\"article\" \/>\n<meta property=\"og:title\" content=\"Ventouses et Moxibustion - Vitality Zen\" \/>\n<meta property=\"og:description\" content=\"VENTOUSES &amp; MOXIBUSTION La ventouse (\u00e9galement connue sous le nom de cupping ou hijama) est l&rsquo;une des plus anciennes th\u00e9rapies connues. Son utilisation m\u00e9dicale remonte \u00e0 plus de 3 000 ans et on trouve des r\u00e9f\u00e9rences \u00e0 son utilisation par des m\u00e9decins de l&rsquo;\u00c9gypte ancienne, de la Gr\u00e8ce et de la Chine. Aujourd&rsquo;hui, de nombreuses [&hellip;]\" \/>\n<meta property=\"og:url\" content=\"https:\/\/vitalityzen.fr\/index.php\/fr\/ventouses-et-moxibustion\/\" \/>\n<meta property=\"og:site_name\" content=\"Vitality Zen\" \/>\n<meta property=\"article:modified_time\" content=\"2025-07-08T13:00:59+00:00\" \/>\n<meta property=\"og:image\" content=\"https:\/\/vitalityzen.fr\/wp-content\/uploads\/2025\/02\/Plan-de-travail-1-1.webp\" \/>\n\t<meta property=\"og:image:width\" content=\"1056\" \/>\n\t<meta property=\"og:image:height\" content=\"458\" \/>\n\t<meta property=\"og:image:type\" content=\"image\/webp\" \/>\n<meta name=\"twitter:card\" content=\"summary_large_image\" \/>\n<meta name=\"twitter:label1\" content=\"Dur\u00e9e de lecture estim\u00e9e\" \/>\n\t<meta name=\"twitter:data1\" content=\"4 minutes\" \/>\n<script type=\"application\/ld+json\" class=\"yoast-schema-graph\">{\"@context\":\"https:\/\/schema.org\",\"@graph\":[{\"@type\":\"WebPage\",\"@id\":\"https:\/\/vitalityzen.fr\/index.php\/fr\/ventouses-et-moxibustion\/\",\"url\":\"https:\/\/vitalityzen.fr\/index.php\/fr\/ventouses-et-moxibustion\/\",\"name\":\"Ventouses et Moxibustion - Vitality Zen\",\"isPartOf\":{\"@id\":\"https:\/\/vitalityzen.fr\/#website\"},\"primaryImageOfPage\":{\"@id\":\"https:\/\/vitalityzen.fr\/index.php\/fr\/ventouses-et-moxibustion\/#primaryimage\"},\"image\":{\"@id\":\"https:\/\/vitalityzen.fr\/index.php\/fr\/ventouses-et-moxibustion\/#primaryimage\"},\"thumbnailUrl\":\"https:\/\/vitalityzen.fr\/wp-content\/uploads\/2025\/02\/Plan-de-travail-1-1-768x333.webp\",\"datePublished\":\"2025-02-14T20:56:14+00:00\",\"dateModified\":\"2025-07-08T13:00:59+00:00\",\"breadcrumb\":{\"@id\":\"https:\/\/vitalityzen.fr\/index.php\/fr\/ventouses-et-moxibustion\/#breadcrumb\"},\"inLanguage\":\"fr-FR\",\"potentialAction\":[{\"@type\":\"ReadAction\",\"target\":[\"https:\/\/vitalityzen.fr\/index.php\/fr\/ventouses-et-moxibustion\/\"]}]},{\"@type\":\"ImageObject\",\"inLanguage\":\"fr-FR\",\"@id\":\"https:\/\/vitalityzen.fr\/index.php\/fr\/ventouses-et-moxibustion\/#primaryimage\",\"url\":\"https:\/\/vitalityzen.fr\/wp-content\/uploads\/2025\/02\/Plan-de-travail-1-1.webp\",\"contentUrl\":\"https:\/\/vitalityzen.fr\/wp-content\/uploads\/2025\/02\/Plan-de-travail-1-1.webp\",\"width\":1056,\"height\":458},{\"@type\":\"BreadcrumbList\",\"@id\":\"https:\/\/vitalityzen.fr\/index.php\/fr\/ventouses-et-moxibustion\/#breadcrumb\",\"itemListElement\":[{\"@type\":\"ListItem\",\"position\":1,\"name\":\"Accueil\",\"item\":\"https:\/\/vitalityzen.fr\/\"},{\"@type\":\"ListItem\",\"position\":2,\"name\":\"Ventouses et Moxibustion\"}]},{\"@type\":\"WebSite\",\"@id\":\"https:\/\/vitalityzen.fr\/#website\",\"url\":\"https:\/\/vitalityzen.fr\/\",\"name\":\"Vitality Zen\",\"description\":\"1, Rue Marietton 69009 Lyon - France\",\"publisher\":{\"@id\":\"https:\/\/vitalityzen.fr\/#organization\"},\"potentialAction\":[{\"@type\":\"SearchAction\",\"target\":{\"@type\":\"EntryPoint\",\"urlTemplate\":\"https:\/\/vitalityzen.fr\/?s={search_term_string}\"},\"query-input\":{\"@type\":\"PropertyValueSpecification\",\"valueRequired\":true,\"valueName\":\"search_term_string\"}}],\"inLanguage\":\"fr-FR\"},{\"@type\":\"Organization\",\"@id\":\"https:\/\/vitalityzen.fr\/#organization\",\"name\":\"Vitality Zen\",\"url\":\"https:\/\/vitalityzen.fr\/\",\"logo\":{\"@type\":\"ImageObject\",\"inLanguage\":\"fr-FR\",\"@id\":\"https:\/\/vitalityzen.fr\/#\/schema\/logo\/image\/\",\"url\":\"https:\/\/vitalityzen.fr\/wp-content\/uploads\/2025\/01\/cropped-Plan-de-travail-3-scaled-1.webp\",\"contentUrl\":\"https:\/\/vitalityzen.fr\/wp-content\/uploads\/2025\/01\/cropped-Plan-de-travail-3-scaled-1.webp\",\"width\":2270,\"height\":2533,\"caption\":\"Vitality Zen\"},\"image\":{\"@id\":\"https:\/\/vitalityzen.fr\/#\/schema\/logo\/image\/\"}}]}<\/script>\n<!-- \/ Yoast SEO plugin. -->","yoast_head_json":{"title":"Ventouses et Moxibustion - Vitality Zen","robots":{"index":"index","follow":"follow","max-snippet":"max-snippet:-1","max-image-preview":"max-image-preview:large","max-video-preview":"max-video-preview:-1"},"canonical":"https:\/\/vitalityzen.fr\/index.php\/fr\/ventouses-et-moxibustion\/","og_locale":"fr_FR","og_type":"article","og_title":"Ventouses et Moxibustion - Vitality Zen","og_description":"VENTOUSES &amp; MOXIBUSTION La ventouse (\u00e9galement connue sous le nom de cupping ou hijama) est l&rsquo;une des plus anciennes th\u00e9rapies connues. Son utilisation m\u00e9dicale remonte \u00e0 plus de 3 000 ans et on trouve des r\u00e9f\u00e9rences \u00e0 son utilisation par des m\u00e9decins de l&rsquo;\u00c9gypte ancienne, de la Gr\u00e8ce et de la Chine. Aujourd&rsquo;hui, de nombreuses [&hellip;]","og_url":"https:\/\/vitalityzen.fr\/index.php\/fr\/ventouses-et-moxibustion\/","og_site_name":"Vitality Zen","article_modified_time":"2025-07-08T13:00:59+00:00","og_image":[{"width":1056,"height":458,"url":"https:\/\/vitalityzen.fr\/wp-content\/uploads\/2025\/02\/Plan-de-travail-1-1.webp","type":"image\/webp"}],"twitter_card":"summary_large_image","twitter_misc":{"Dur\u00e9e de lecture estim\u00e9e":"4 minutes"},"schema":{"@context":"https:\/\/schema.org","@graph":[{"@type":"WebPage","@id":"https:\/\/vitalityzen.fr\/index.php\/fr\/ventouses-et-moxibustion\/","url":"https:\/\/vitalityzen.fr\/index.php\/fr\/ventouses-et-moxibustion\/","name":"Ventouses et Moxibustion - Vitality Zen","isPartOf":{"@id":"https:\/\/vitalityzen.fr\/#website"},"primaryImageOfPage":{"@id":"https:\/\/vitalityzen.fr\/index.php\/fr\/ventouses-et-moxibustion\/#primaryimage"},"image":{"@id":"https:\/\/vitalityzen.fr\/index.php\/fr\/ventouses-et-moxibustion\/#primaryimage"},"thumbnailUrl":"https:\/\/vitalityzen.fr\/wp-content\/uploads\/2025\/02\/Plan-de-travail-1-1-768x333.webp","datePublished":"2025-02-14T20:56:14+00:00","dateModified":"2025-07-08T13:00:59+00:00","breadcrumb":{"@id":"https:\/\/vitalityzen.fr\/index.php\/fr\/ventouses-et-moxibustion\/#breadcrumb"},"inLanguage":"fr-FR","potentialAction":[{"@type":"ReadAction","target":["https:\/\/vitalityzen.fr\/index.php\/fr\/ventouses-et-moxibustion\/"]}]},{"@type":"ImageObject","inLanguage":"fr-FR","@id":"https:\/\/vitalityzen.fr\/index.php\/fr\/ventouses-et-moxibustion\/#primaryimage","url":"https:\/\/vitalityzen.fr\/wp-content\/uploads\/2025\/02\/Plan-de-travail-1-1.webp","contentUrl":"https:\/\/vitalityzen.fr\/wp-content\/uploads\/2025\/02\/Plan-de-travail-1-1.webp","width":1056,"height":458},{"@type":"BreadcrumbList","@id":"https:\/\/vitalityzen.fr\/index.php\/fr\/ventouses-et-moxibustion\/#breadcrumb","itemListElement":[{"@type":"ListItem","position":1,"name":"Accueil","item":"https:\/\/vitalityzen.fr\/"},{"@type":"ListItem","position":2,"name":"Ventouses et Moxibustion"}]},{"@type":"WebSite","@id":"https:\/\/vitalityzen.fr\/#website","url":"https:\/\/vitalityzen.fr\/","name":"Vitality Zen","description":"1, Rue Marietton 69009 Lyon - France","publisher":{"@id":"https:\/\/vitalityzen.fr\/#organization"},"potentialAction":[{"@type":"SearchAction","target":{"@type":"EntryPoint","urlTemplate":"https:\/\/vitalityzen.fr\/?s={search_term_string}"},"query-input":{"@type":"PropertyValueSpecification","valueRequired":true,"valueName":"search_term_string"}}],"inLanguage":"fr-FR"},{"@type":"Organization","@id":"https:\/\/vitalityzen.fr\/#organization","name":"Vitality Zen","url":"https:\/\/vitalityzen.fr\/","logo":{"@type":"ImageObject","inLanguage":"fr-FR","@id":"https:\/\/vitalityzen.fr\/#\/schema\/logo\/image\/","url":"https:\/\/vitalityzen.fr\/wp-content\/uploads\/2025\/01\/cropped-Plan-de-travail-3-scaled-1.webp","contentUrl":"https:\/\/vitalityzen.fr\/wp-content\/uploads\/2025\/01\/cropped-Plan-de-travail-3-scaled-1.webp","width":2270,"height":2533,"caption":"Vitality Zen"},"image":{"@id":"https:\/\/vitalityzen.fr\/#\/schema\/logo\/image\/"}}]}},"_links":{"self":[{"href":"https:\/\/vitalityzen.fr\/index.php\/wp-json\/wp\/v2\/pages\/665","targetHints":{"allow":["GET"]}}],"collection":[{"href":"https:\/\/vitalityzen.fr\/index.php\/wp-json\/wp\/v2\/pages"}],"about":[{"href":"https:\/\/vitalityzen.fr\/index.php\/wp-json\/wp\/v2\/types\/page"}],"author":[{"embeddable":true,"href":"https:\/\/vitalityzen.fr\/index.php\/wp-json\/wp\/v2\/users\/1"}],"replies":[{"embeddable":true,"href":"https:\/\/vitalityzen.fr\/index.php\/wp-json\/wp\/v2\/comments?post=665"}],"version-history":[{"count":17,"href":"https:\/\/vitalityzen.fr\/index.php\/wp-json\/wp\/v2\/pages\/665\/revisions"}],"predecessor-version":[{"id":1897,"href":"https:\/\/vitalityzen.fr\/index.php\/wp-json\/wp\/v2\/pages\/665\/revisions\/1897"}],"wp:attachment":[{"href":"https:\/\/vitalityzen.fr\/index.php\/wp-json\/wp\/v2\/media?parent=665"}],"curies":[{"name":"wp","href":"https:\/\/api.w.org\/{rel}","templated":true}]}}